CRAN Package Check Results for Package CytobankAPIstats

Last updated on 2019-09-22 11:46:12 CEST.

Flavor Version Tinstall Tcheck Ttotal Status Flags
r-devel-linux-x86_64-debian-clang 2.0 10.99 80.49 91.48 OK
r-devel-linux-x86_64-debian-gcc 2.0 8.99 61.69 70.68 OK
r-devel-linux-x86_64-fedora-clang 2.0 112.60 OK
r-devel-linux-x86_64-fedora-gcc 2.0 105.30 OK
r-devel-windows-ix86+x86_64 2.0 19.00 5.00 24.00 ERROR
r-patched-linux-x86_64 2.0 10.54 77.89 88.43 OK
r-patched-solaris-x86 2.0 121.40 OK
r-release-linux-x86_64 2.0 9.68 78.75 88.43 OK
r-release-windows-ix86+x86_64 2.0 18.00 82.00 100.00 OK
r-release-osx-x86_64 2.0 OK
r-oldrel-windows-ix86+x86_64 2.0 11.00 72.00 83.00 OK
r-oldrel-osx-x86_64 2.0 OK

Check Details

Version: 2.0
Check: whether package can be installed
Result: ERROR
    Installation failed.
Flavor: r-devel-windows-ix86+x86_64