CRAN Package Check Results for Package ConsReg

Last updated on 2021-06-25 11:52:23 CEST.

Flavor Version Tinstall Tcheck Ttotal Status Flags
r-devel-linux-x86_64-debian-clang 0.1.0 5.36 51.61 56.97 OK
r-devel-linux-x86_64-debian-gcc 0.1.0 4.01 38.69 42.70 OK
r-devel-linux-x86_64-fedora-clang 0.1.0 75.99 NOTE
r-devel-linux-x86_64-fedora-gcc 0.1.0 66.73 NOTE
r-devel-windows-x86_64 0.1.0 9.00 54.00 63.00 OK
r-devel-windows-x86_64-gcc10-UCRT 0.1.0 OK
r-patched-linux-x86_64 0.1.0 4.73 49.06 53.79 OK
r-patched-solaris-x86 0.1.0 100.60 OK
r-release-linux-x86_64 0.1.0 4.39 49.03 53.42 OK
r-release-macos-arm64 0.1.0 OK
r-release-macos-x86_64 0.1.0 OK
r-release-windows-ix86+x86_64 0.1.0 11.00 78.00 89.00 OK
r-oldrel-macos-x86_64 0.1.0 OK
r-oldrel-windows-ix86+x86_64 0.1.0 13.00 83.00 96.00 OK

Check Details

Version: 0.1.0
Check: compiled code
Result: NOTE
    File ‘ConsReg/libs/ConsReg.so’:
     Found no calls to: ‘R_registerRoutines’, ‘R_useDynamicSymbols’
    
    It is good practice to register native routines and to disable symbol
    search.
    
    See ‘Writing portable packages’ in the ‘Writing R Extensions’ manual.
Flavors: r-devel-linux-x86_64-fedora-clang, r-devel-linux-x86_64-fedora-gcc