CRAN Package Check Results for Package Comp2ROC

Last updated on 2021-05-08 05:57:02 CEST.

Flavor Version Tinstall Tcheck Ttotal Status Flags
r-devel-linux-x86_64-debian-clang 1.1.4 3.90 34.71 38.61 OK
r-devel-linux-x86_64-debian-gcc 1.1.4 2.88 27.17 30.05 OK
r-devel-linux-x86_64-fedora-clang 1.1.4 57.25 OK
r-devel-linux-x86_64-fedora-gcc 1.1.4 45.87 OK
r-devel-windows-ix86+x86_64 1.1.4 5.00 57.00 62.00 OK
r-devel-windows-x86_64-gcc10-UCRT 1.1.4 OK
r-patched-linux-x86_64 1.1.4 3.18 33.96 37.14 OK
r-patched-solaris-x86 1.1.4 71.80 OK
r-release-linux-x86_64 1.1.4 3.66 33.45 37.11 OK
r-release-macos-x86_64 1.1.4 OK
r-release-windows-ix86+x86_64 1.1.4 6.00 39.00 45.00 OK
r-oldrel-macos-x86_64 1.1.4 OK
r-oldrel-windows-ix86+x86_64 1.1.4 6.00 4.00 10.00 ERROR

Check Details

Version: 1.1.4
Check: whether package can be installed
Result: ERROR
    Installation failed.
    See 'd:/Rcompile/CRANpkg/local/3.6/Comp2ROC.Rcheck/00install.out'* DONE
Flavor: r-oldrel-windows-ix86+x86_64