CRAN Package Check Results for Package CoMiRe

Last updated on 2021-04-21 05:48:31 CEST.

Flavor Version Tinstall Tcheck Ttotal Status Flags
r-devel-linux-x86_64-debian-clang 0.7 83.91 66.50 150.41 OK
r-devel-linux-x86_64-debian-gcc 0.7 54.55 49.45 104.00 OK
r-devel-linux-x86_64-fedora-clang 0.7 211.06 OK
r-devel-linux-x86_64-fedora-gcc 0.7 182.14 OK
r-devel-windows-ix86+x86_64 0.7 166.00 96.00 262.00 OK
r-devel-windows-x86_64-gcc10-UCRT 0.7 OK
r-patched-linux-x86_64 0.7 61.77 60.77 122.54 OK
r-patched-solaris-x86 0.7 186.00 OK
r-release-linux-x86_64 0.7 63.58 60.98 124.56 OK
r-release-macos-x86_64 0.7 OK
r-release-windows-ix86+x86_64 0.7 200.00 131.00 331.00 OK
r-oldrel-macos-x86_64 0.7 ERROR

Check Details

Version: 0.7
Check: whether package can be installed
Result: ERROR
    Installation failed.
Flavor: r-oldrel-macos-x86_64