CRAN Package Check Results for Package ClusterStability

Last updated on 2024-05-23 11:49:24 CEST.

Flavor Version Tinstall Tcheck Ttotal Status Flags
r-devel-linux-x86_64-debian-clang 1.0.4 32.74 92.54 125.28 OK
r-devel-linux-x86_64-debian-gcc 1.0.4 20.12 70.52 90.64 OK
r-devel-linux-x86_64-fedora-clang 1.0.4 170.42 NOTE
r-devel-linux-x86_64-fedora-gcc 1.0.4 163.75 NOTE
r-devel-windows-x86_64 1.0.4 26.00 103.00 129.00 OK
r-patched-linux-x86_64 1.0.4 28.98 89.50 118.48 OK
r-release-linux-x86_64 1.0.4 30.40 90.20 120.60 OK
r-release-macos-arm64 1.0.4 43.00 OK
r-release-windows-x86_64 1.0.4 27.00 105.00 132.00 OK
r-oldrel-macos-arm64 1.0.4 52.00 OK
r-oldrel-macos-x86_64 1.0.4 89.00 OK
r-oldrel-windows-x86_64 1.0.4 32.00 124.00 156.00 OK

Check Details

Version: 1.0.4
Check: compiled code
Result: NOTE File ‘ClusterStability/libs/ClusterStability.so’: Found no calls to: ‘R_registerRoutines’, ‘R_useDynamicSymbols’ It is good practice to register native routines and to disable symbol search. See ‘Writing portable packages’ in the ‘Writing R Extensions’ manual. Flavors: r-devel-linux-x86_64-fedora-clang, r-devel-linux-x86_64-fedora-gcc