CRAN Package Check Results for Package CensMFM

Last updated on 2021-04-21 05:48:30 CEST.

Flavor Version Tinstall Tcheck Ttotal Status Flags
r-devel-linux-x86_64-debian-clang 2.11 9.48 66.10 75.58 NOTE
r-devel-linux-x86_64-debian-gcc 2.11 6.65 48.98 55.63 NOTE
r-devel-linux-x86_64-fedora-clang 2.11 100.95 NOTE
r-devel-linux-x86_64-fedora-gcc 2.11 89.02 NOTE
r-devel-windows-ix86+x86_64 2.11 17.00 64.00 81.00 NOTE
r-devel-windows-x86_64-gcc10-UCRT 2.11 NOTE
r-patched-linux-x86_64 2.11 9.45 60.11 69.56 OK
r-patched-solaris-x86 2.11 120.40 OK
r-release-linux-x86_64 2.11 7.80 61.22 69.02 OK
r-release-macos-x86_64 2.11 OK
r-release-windows-ix86+x86_64 2.11 20.00 81.00 101.00 OK
r-oldrel-macos-x86_64 2.11 OK
r-oldrel-windows-ix86+x86_64 2.11 27.00 79.00 106.00 OK

Check Details

Version: 2.11
Check: LazyData
Result: NOTE
     'LazyData' is specified without a 'data' directory
Flavors: r-devel-linux-x86_64-debian-clang, r-devel-linux-x86_64-debian-gcc, r-devel-linux-x86_64-fedora-clang, r-devel-linux-x86_64-fedora-gcc, r-devel-windows-ix86+x86_64, r-devel-windows-x86_64-gcc10-UCRT