CRAN Package Check Results for Package Cairo

Last updated on 2020-09-23 18:26:33 CEST.

Flavor Version Tinstall Tcheck Ttotal Status Flags
r-devel-linux-x86_64-debian-clang 1.5-12.2 9.09 23.72 32.81 NOTE
r-devel-linux-x86_64-debian-gcc 1.5-12.2 5.60 18.85 24.45 NOTE
r-devel-linux-x86_64-fedora-clang 1.5-12.2 49.43 NOTE
r-devel-linux-x86_64-fedora-gcc 1.5-12.2 43.03 NOTE
r-devel-windows-ix86+x86_64 1.5-12.1 27.00 50.00 77.00 WARN
r-patched-linux-x86_64 1.5-12.2 6.21 23.26 29.47 NOTE
r-patched-solaris-x86 1.5-12.2 54.20 NOTE
r-release-linux-x86_64 1.5-12.2 6.26 23.17 29.43 NOTE
r-release-macos-x86_64 1.5-12.2 NOTE
r-release-windows-ix86+x86_64 1.5-12.2 34.00 63.00 97.00 WARN
r-oldrel-macos-x86_64 1.5-12.2 NOTE
r-oldrel-windows-ix86+x86_64 1.5-12.2 37.00 59.00 96.00 OK

Check Details

Version: 1.5-12.2
Check: compiled code
Result: NOTE
    File 'Cairo/libs/Cairo.so':
     Found non-API calls to R: 'R_InputHandlers', 'addInputHandler'
    
    Compiled code should not call non-API entry points in R.
    
    See 'Writing portable packages' in the 'Writing R Extensions' manual.
Flavors: r-devel-linux-x86_64-debian-clang, r-devel-linux-x86_64-debian-gcc, r-devel-linux-x86_64-fedora-clang, r-devel-linux-x86_64-fedora-gcc, r-patched-linux-x86_64, r-patched-solaris-x86, r-release-linux-x86_64, r-release-macos-x86_64, r-oldrel-macos-x86_64

Version: 1.5-12.1
Check: whether package can be installed
Result: WARN
    Found the following significant warnings:
     w32-backend.c:24:5: warning: initialization of 'char **' from incompatible pointer type 'const char **' [-Wincompatible-pointer-types]
Flavor: r-devel-windows-ix86+x86_64

Version: 1.5-12.2
Check: package dependencies
Result: NOTE
    Package which this enhances but not available for checking: ‘FastRWeb’
Flavor: r-patched-solaris-x86

Version: 1.5-12.2
Check: installed package size
Result: NOTE
     installed size is 18.7Mb
     sub-directories of 1Mb or more:
     libs 18.6Mb
Flavor: r-release-macos-x86_64

Version: 1.5-12.2
Check: whether package can be installed
Result: WARN
    Found the following significant warnings:
     w32-backend.c:24:5: warning: initialization of 'char **' from incompatible pointer type 'const char **' [-Wincompatible-pointer-types]
Flavor: r-release-windows-ix86+x86_64