CRAN Package Check Results for Package CaPO4Sim

Last updated on 2021-05-16 17:46:42 CEST.

Flavor Version Tinstall Tcheck Ttotal Status Flags
r-devel-linux-x86_64-debian-clang 0.2.0 6.44 44.96 51.40 NOTE
r-devel-linux-x86_64-debian-gcc 0.2.0 4.75 35.47 40.22 NOTE
r-devel-linux-x86_64-fedora-clang 0.2.0 70.21 NOTE
r-devel-linux-x86_64-fedora-gcc 0.2.0 58.59 NOTE
r-devel-windows-ix86+x86_64 0.2.0 19.00 67.00 86.00 NOTE
r-devel-windows-x86_64-gcc10-UCRT 0.2.0 NOTE
r-patched-linux-x86_64 0.2.0 12.05 43.02 55.07 NOTE
r-patched-solaris-x86 0.2.0 91.50 NOTE
r-release-linux-x86_64 0.2.0 6.65 42.25 48.90 OK
r-release-macos-x86_64 0.2.0 NOTE
r-release-windows-ix86+x86_64 0.2.0 11.00 55.00 66.00 OK
r-oldrel-macos-x86_64 0.2.0 NOTE
r-oldrel-windows-ix86+x86_64 0.2.0 14.00 61.00 75.00 OK

Check Details

Version: 0.2.0
Check: LazyData
Result: NOTE
     'LazyData' is specified without a 'data' directory
Flavors: r-devel-linux-x86_64-debian-clang, r-devel-linux-x86_64-debian-gcc, r-devel-linux-x86_64-fedora-clang, r-devel-linux-x86_64-fedora-gcc, r-devel-windows-ix86+x86_64, r-devel-windows-x86_64-gcc10-UCRT, r-patched-linux-x86_64, r-patched-solaris-x86

Version: 0.2.0
Check: dependencies in R code
Result: NOTE
    Namespaces in Imports field not imported from:
     ‘htmltools’ ‘shinydashboard’
     All declared Imports should be used.
Flavors: r-devel-linux-x86_64-fedora-clang, r-devel-linux-x86_64-fedora-gcc, r-devel-windows-x86_64-gcc10-UCRT, r-patched-solaris-x86, r-release-macos-x86_64, r-oldrel-macos-x86_64