CRAN Package Check Results for Package CSMES

Last updated on 2021-05-08 00:47:01 CEST.

Flavor Version Tinstall Tcheck Ttotal Status Flags
r-devel-linux-x86_64-debian-clang 1.0.0 3.86 43.36 47.22 OK
r-devel-linux-x86_64-debian-gcc 1.0.0 2.97 32.46 35.43 OK
r-devel-linux-x86_64-fedora-clang 1.0.0 65.82 OK
r-devel-linux-x86_64-fedora-gcc 1.0.0 55.39 OK
r-devel-windows-ix86+x86_64 1.0.0 6.00 65.00 71.00 OK
r-devel-windows-x86_64-gcc10-UCRT 1.0.0 OK
r-patched-linux-x86_64 1.0.0 3.82 40.85 44.67 OK
r-patched-solaris-x86 1.0.0 80.00 OK
r-release-linux-x86_64 1.0.0 4.08 41.10 45.18 OK
r-release-macos-x86_64 1.0.0 OK
r-release-windows-ix86+x86_64 1.0.0 6.00 43.00 49.00 OK
r-oldrel-macos-x86_64 1.0.0 OK
r-oldrel-windows-ix86+x86_64 1.0.0 7.00 4.00 11.00 ERROR

Check Details

Version: 1.0.0
Check: whether package can be installed
Result: ERROR
    Installation failed.
    See for details.
    *
Flavor: r-oldrel-windows-ix86+x86_64