CRAN Package Check Results for Package BisRNA

Last updated on 2024-05-18 06:16:43 CEST.

Flavor Version Tinstall Tcheck Ttotal Status Flags
r-devel-linux-x86_64-debian-clang 0.2.2 2.19 26.38 28.57 OK
r-devel-linux-x86_64-debian-gcc 0.2.2 1.49 19.71 21.20 OK
r-devel-linux-x86_64-fedora-clang 0.2.2 36.37 OK
r-devel-linux-x86_64-fedora-gcc 0.2.2 35.53 OK
r-devel-windows-x86_64 0.2.2 3.00 43.00 46.00 OK
r-patched-linux-x86_64 0.2.2 2.57 25.67 28.24 OK
r-release-linux-x86_64 0.2.2 1.91 25.70 27.61 OK
r-release-macos-arm64 0.2.2 15.00 OK
r-release-windows-x86_64 0.2.2 3.00 44.00 47.00 OK
r-oldrel-macos-arm64 0.2.2 18.00 NOTE
r-oldrel-macos-x86_64 0.2.2 22.00 NOTE
r-oldrel-windows-x86_64 0.2.2 4.00 47.00 51.00 OK

Check Details

Version: 0.2.2
Check: package dependencies
Result: NOTE Package suggested but not available for checking: ‘IHW’ Flavors: r-oldrel-macos-arm64, r-oldrel-macos-x86_64