CRAN Package Check Results for Package Biostatistics

Last updated on 2024-05-25 05:52:19 CEST.

Flavor Version Tinstall Tcheck Ttotal Status Flags
r-devel-linux-x86_64-debian-clang 1.0.4 3.24 22.72 25.96 NOTE
r-devel-linux-x86_64-debian-gcc 1.0.4 1.30 17.52 18.82 NOTE
r-devel-linux-x86_64-fedora-clang 1.0.4 33.40 NOTE
r-devel-linux-x86_64-fedora-gcc 1.0.4 43.75 NOTE
r-devel-windows-x86_64 1.0.4 4.00 42.00 46.00 NOTE
r-patched-linux-x86_64 1.0.4 2.67 21.68 24.35 NOTE
r-release-linux-x86_64 1.0.4 2.79 21.77 24.56 NOTE
r-release-macos-arm64 1.0.4 20.00 NOTE
r-release-windows-x86_64 1.0.4 4.00 43.00 47.00 NOTE
r-oldrel-macos-arm64 1.0.4 23.00 NOTE
r-oldrel-macos-x86_64 1.0.4 32.00 NOTE
r-oldrel-windows-x86_64 1.0.4 4.00 44.00 48.00 NOTE

Check Details

Version: 1.0.4
Check: package subdirectories
Result: NOTE Problems with news in ‘NEWS.md’: No news entries found. Flavors: r-devel-linux-x86_64-debian-clang, r-devel-linux-x86_64-debian-gcc, r-devel-linux-x86_64-fedora-clang, r-devel-linux-x86_64-fedora-gcc, r-devel-windows-x86_64, r-patched-linux-x86_64, r-release-linux-x86_64, r-release-macos-arm64, r-release-windows-x86_64, r-oldrel-macos-arm64, r-oldrel-macos-x86_64, r-oldrel-windows-x86_64

Version: 1.0.4
Check: data for non-ASCII characters
Result: NOTE Note: found 46 marked UTF-8 strings Flavors: r-devel-linux-x86_64-fedora-clang, r-devel-linux-x86_64-fedora-gcc