CRAN Package Check Results for Package BeastJar

Last updated on 2021-04-23 00:48:41 CEST.

Flavor Version Tinstall Tcheck Ttotal Status Flags
r-devel-linux-x86_64-debian-clang 1.10.6 4.03 39.11 43.14 NOTE
r-devel-linux-x86_64-debian-gcc 1.10.6 2.89 30.31 33.20 NOTE
r-devel-linux-x86_64-fedora-clang 1.10.6 63.88 NOTE
r-devel-linux-x86_64-fedora-gcc 1.10.6 52.65 NOTE
r-devel-windows-ix86+x86_64 1.10.6 10.00 55.00 65.00 NOTE
r-devel-windows-x86_64-gcc10-UCRT 1.10.6 NOTE
r-patched-linux-x86_64 1.10.6 3.36 37.21 40.57 OK
r-patched-solaris-x86 1.10.6 72.90 NOTE
r-release-linux-x86_64 1.10.6 3.22 37.54 40.76 OK
r-release-macos-x86_64 1.10.6 NOTE
r-release-windows-ix86+x86_64 1.10.6 9.00 47.00 56.00 NOTE
r-oldrel-macos-x86_64 1.10.6 NOTE
r-oldrel-windows-ix86+x86_64 1.10.6 7.00 57.00 64.00 NOTE

Check Details

Version: 1.10.6
Check: LazyData
Result: NOTE
     'LazyData' is specified without a 'data' directory
Flavors: r-devel-linux-x86_64-debian-clang, r-devel-linux-x86_64-debian-gcc, r-devel-linux-x86_64-fedora-clang, r-devel-linux-x86_64-fedora-gcc, r-devel-windows-ix86+x86_64, r-devel-windows-x86_64-gcc10-UCRT

Version: 1.10.6
Check: installed package size
Result: NOTE
     installed size is 7.8Mb
     sub-directories of 1Mb or more:
     java 7.7Mb
Flavors: r-devel-linux-x86_64-fedora-clang, r-devel-windows-ix86+x86_64, r-patched-solaris-x86, r-release-macos-x86_64, r-release-windows-ix86+x86_64, r-oldrel-macos-x86_64, r-oldrel-windows-ix86+x86_64