CRAN Package Check Results for Package BayesianNetwork

Last updated on 2021-05-09 17:46:42 CEST.

Flavor Version Tinstall Tcheck Ttotal Status Flags
r-devel-linux-x86_64-debian-clang 0.1.5 7.56 71.70 79.26 NOTE
r-devel-linux-x86_64-debian-gcc 0.1.5 6.14 54.61 60.75 NOTE
r-devel-linux-x86_64-fedora-clang 0.1.5 109.39 NOTE
r-devel-linux-x86_64-fedora-gcc 0.1.5 97.06 NOTE
r-devel-windows-ix86+x86_64 0.1.5 22.00 104.00 126.00 NOTE
r-devel-windows-x86_64-gcc10-UCRT 0.1.5 NOTE
r-patched-linux-x86_64 0.1.5 7.83 67.99 75.82 NOTE
r-patched-solaris-x86 0.1.5 143.10 NOTE
r-release-linux-x86_64 0.1.5 7.47 68.43 75.90 OK
r-release-macos-x86_64 0.1.5 NOTE
r-release-windows-ix86+x86_64 0.1.5 17.00 76.00 93.00 OK
r-oldrel-macos-x86_64 0.1.5 NOTE
r-oldrel-windows-ix86+x86_64 0.1.5 17.00 87.00 104.00 OK

Check Details

Version: 0.1.5
Check: LazyData
Result: NOTE
     'LazyData' is specified without a 'data' directory
Flavors: r-devel-linux-x86_64-debian-clang, r-devel-linux-x86_64-debian-gcc, r-devel-linux-x86_64-fedora-clang, r-devel-linux-x86_64-fedora-gcc, r-devel-windows-ix86+x86_64, r-devel-windows-x86_64-gcc10-UCRT, r-patched-linux-x86_64

Version: 0.1.5
Check: dependencies in R code
Result: NOTE
    Namespaces in Imports field not imported from:
     ‘shinytest’ ‘testthat’
     All declared Imports should be used.
Flavors: r-devel-linux-x86_64-fedora-clang, r-devel-linux-x86_64-fedora-gcc, r-devel-windows-x86_64-gcc10-UCRT, r-patched-solaris-x86, r-release-macos-x86_64, r-oldrel-macos-x86_64