CRAN Package Check Results for Package BNPdensity

Last updated on 2021-05-08 05:57:00 CEST.

Flavor Version Tinstall Tcheck Ttotal Status Flags
r-devel-linux-x86_64-debian-clang 2020.3.4 11.83 163.50 175.33 NOTE
r-devel-linux-x86_64-debian-gcc 2020.3.4 8.66 118.29 126.95 NOTE
r-devel-linux-x86_64-fedora-clang 2020.3.4 213.82 NOTE
r-devel-linux-x86_64-fedora-gcc 2020.3.4 205.48 NOTE
r-devel-windows-ix86+x86_64 2020.3.4 24.00 243.00 267.00 OK
r-devel-windows-x86_64-gcc10-UCRT 2020.3.4 NOTE
r-patched-linux-x86_64 2020.3.4 8.66 158.60 167.26 NOTE
r-patched-solaris-x86 2020.3.4 310.10 NOTE
r-release-linux-x86_64 2020.3.4 11.44 154.75 166.19 NOTE
r-release-macos-x86_64 2020.3.4 OK
r-release-windows-ix86+x86_64 2020.3.4 15.00 175.00 190.00 OK
r-oldrel-macos-x86_64 2020.3.4 OK
r-oldrel-windows-ix86+x86_64 2020.3.4 20.00 220.00 240.00 OK

Check Details

Version: 2020.3.4
Check: package dependencies
Result: NOTE
    Package suggested but not available for checking: 'GreedyEPL'
Flavors: r-devel-linux-x86_64-debian-clang, r-devel-linux-x86_64-debian-gcc, r-devel-linux-x86_64-fedora-clang, r-devel-linux-x86_64-fedora-gcc, r-devel-windows-x86_64-gcc10-UCRT, r-patched-linux-x86_64, r-patched-solaris-x86, r-release-linux-x86_64