CRAN Package Check Results for Package BLModel

Last updated on 2024-04-15 17:54:48 CEST.

Flavor Version Tinstall Tcheck Ttotal Status Flags
r-devel-linux-x86_64-debian-clang 1.0.2 2.63 25.77 28.40 NOTE
r-devel-linux-x86_64-debian-gcc 1.0.2 1.99 20.47 22.46 NOTE
r-devel-linux-x86_64-fedora-clang 1.0.2 36.05 NOTE
r-devel-linux-x86_64-fedora-gcc 1.0.2 38.27 NOTE
r-prerel-macos-arm64 1.0.2 17.00 NOTE
r-prerel-windows-x86_64 1.0.2 3.00 46.00 49.00 NOTE
r-patched-linux-x86_64 1.0.2 2.26 25.20 27.46 NOTE
r-release-linux-x86_64 1.0.2 1.87 25.68 27.55 NOTE
r-release-macos-arm64 1.0.2 19.00 NOTE
r-release-macos-x86_64 1.0.2 22.00 NOTE
r-release-windows-x86_64 1.0.2 3.00 45.00 48.00 NOTE
r-oldrel-macos-arm64 1.0.2 19.00 NOTE
r-oldrel-windows-x86_64 1.0.2 3.00 49.00 52.00 NOTE

Check Details

Version: 1.0.2
Check: LazyData
Result: NOTE 'LazyData' is specified without a 'data' directory Flavors: r-devel-linux-x86_64-debian-clang, r-devel-linux-x86_64-debian-gcc, r-devel-linux-x86_64-fedora-clang, r-devel-linux-x86_64-fedora-gcc, r-prerel-macos-arm64, r-prerel-windows-x86_64, r-patched-linux-x86_64, r-release-linux-x86_64, r-release-macos-arm64, r-release-macos-x86_64, r-release-windows-x86_64, r-oldrel-macos-arm64, r-oldrel-windows-x86_64