CRAN Package Check Results for Package BCHM

Last updated on 2024-05-25 05:52:19 CEST.

Flavor Version Tinstall Tcheck Ttotal Status Flags
r-devel-linux-x86_64-debian-clang 1.00 3.79 44.14 47.93 NOTE
r-devel-linux-x86_64-debian-gcc 1.00 2.81 32.65 35.46 NOTE
r-devel-linux-x86_64-fedora-clang 1.00 60.85 NOTE
r-devel-linux-x86_64-fedora-gcc 1.00 87.13 NOTE
r-devel-windows-x86_64 1.00 4.00 55.00 59.00 NOTE
r-patched-linux-x86_64 1.00 3.82 42.15 45.97 NOTE
r-release-linux-x86_64 1.00 3.01 42.58 45.59 NOTE
r-release-macos-arm64 1.00 31.00 NOTE
r-release-windows-x86_64 1.00 4.00 55.00 59.00 NOTE
r-oldrel-macos-arm64 1.00 32.00 NOTE
r-oldrel-macos-x86_64 1.00 44.00 NOTE
r-oldrel-windows-x86_64 1.00 5.00 61.00 66.00 NOTE

Check Details

Version: 1.00
Check: LazyData
Result: NOTE 'LazyData' is specified without a 'data' directory Flavors: r-devel-linux-x86_64-debian-clang, r-devel-linux-x86_64-debian-gcc, r-devel-linux-x86_64-fedora-clang, r-devel-linux-x86_64-fedora-gcc, r-devel-windows-x86_64, r-patched-linux-x86_64, r-release-linux-x86_64, r-release-macos-arm64, r-release-windows-x86_64, r-oldrel-macos-arm64, r-oldrel-macos-x86_64, r-oldrel-windows-x86_64

Version: 1.00
Check: dependencies in R code
Result: NOTE Namespaces in Imports field not imported from: ‘coda’ ‘knitr’ ‘plyr’ All declared Imports should be used. Flavors: r-devel-linux-x86_64-fedora-clang, r-devel-linux-x86_64-fedora-gcc