CRAN Package Check Results for Package AzureStor

Last updated on 2020-05-31 00:46:59 CEST.

Flavor Version Tinstall Tcheck Ttotal Status Flags
r-devel-linux-x86_64-debian-clang 3.2.0 6.02 40.07 46.09 OK
r-devel-linux-x86_64-debian-gcc 3.2.0 4.83 31.53 36.36 OK
r-devel-linux-x86_64-fedora-clang 3.2.0 64.23 NOTE
r-devel-linux-x86_64-fedora-gcc 3.2.0 55.00 NOTE
r-devel-windows-ix86+x86_64 3.2.0 14.00 65.00 79.00 OK
r-patched-linux-x86_64 3.2.0 6.17 40.18 46.35 OK
r-patched-solaris-x86 3.2.0 78.70 NOTE
r-release-linux-x86_64 3.2.0 5.93 39.55 45.48 OK
r-release-osx-x86_64 3.2.0 NOTE
r-release-windows-ix86+x86_64 3.2.0 11.00 48.00 59.00 OK
r-oldrel-osx-x86_64 3.2.0 NOTE
r-oldrel-windows-ix86+x86_64 3.2.0 10.00 51.00 61.00 OK

Check Details

Version: 3.2.0
Check: dependencies in R code
Result: NOTE
    Namespace in Imports field not imported from: ‘R6’
     All declared Imports should be used.
Flavors: r-devel-linux-x86_64-fedora-clang, r-devel-linux-x86_64-fedora-gcc, r-patched-solaris-x86, r-release-osx-x86_64, r-oldrel-osx-x86_64