CRAN Package Check Results for Package AzureStor

Last updated on 2019-09-22 11:46:09 CEST.

Flavor Version Tinstall Tcheck Ttotal Status Flags
r-devel-linux-x86_64-debian-clang 2.1.1 5.61 32.38 37.99 OK
r-devel-linux-x86_64-debian-gcc 2.1.1 3.73 26.15 29.88 OK
r-devel-linux-x86_64-fedora-clang 2.1.1 46.81 NOTE
r-devel-linux-x86_64-fedora-gcc 2.1.1 46.81 NOTE
r-devel-windows-ix86+x86_64 2.1.1 3.00 9.00 12.00 OK
r-patched-linux-x86_64 2.1.1 5.74 32.67 38.41 OK
r-patched-solaris-x86 2.1.1 66.50 NOTE
r-release-linux-x86_64 2.1.1 4.71 33.46 38.17 OK
r-release-windows-ix86+x86_64 2.1.1 11.00 40.00 51.00 OK
r-release-osx-x86_64 2.1.1 NOTE
r-oldrel-windows-ix86+x86_64 2.1.1 9.00 65.00 74.00 OK
r-oldrel-osx-x86_64 2.1.1 NOTE

Check Details

Version: 2.1.1
Check: dependencies in R code
Result: NOTE
    Namespace in Imports field not imported from: ‘R6’
     All declared Imports should be used.
Flavors: r-devel-linux-x86_64-fedora-clang, r-devel-linux-x86_64-fedora-gcc, r-patched-solaris-x86, r-release-osx-x86_64, r-oldrel-osx-x86_64