CRAN Package Check Results for Package AzureContainers

Last updated on 2020-05-31 00:46:59 CEST.

Flavor Version Tinstall Tcheck Ttotal Status Flags
r-devel-linux-x86_64-debian-clang 1.3.0 8.15 32.60 40.75 OK
r-devel-linux-x86_64-debian-gcc 1.3.0 5.64 25.79 31.43 OK
r-devel-linux-x86_64-fedora-clang 1.3.0 58.39 NOTE
r-devel-linux-x86_64-fedora-gcc 1.3.0 52.49 NOTE
r-devel-windows-ix86+x86_64 1.3.0 17.00 99.00 116.00 OK
r-patched-linux-x86_64 1.3.0 7.31 32.66 39.97 OK
r-patched-solaris-x86 1.3.0 75.80 NOTE
r-release-linux-x86_64 1.3.0 7.05 32.63 39.68 OK
r-release-osx-x86_64 1.3.0 NOTE
r-release-windows-ix86+x86_64 1.3.0 11.00 56.00 67.00 OK
r-oldrel-osx-x86_64 1.3.0 NOTE
r-oldrel-windows-ix86+x86_64 1.3.0 10.00 48.00 58.00 OK

Check Details

Version: 1.3.0
Check: dependencies in R code
Result: NOTE
    Namespace in Imports field not imported from: ‘openssl’
     All declared Imports should be used.
Flavors: r-devel-linux-x86_64-fedora-clang, r-devel-linux-x86_64-fedora-gcc, r-patched-solaris-x86, r-release-osx-x86_64, r-oldrel-osx-x86_64

Version: 1.3.0
Check: package dependencies
Result: NOTE
    Package suggested but not available for checking: ‘RestRserve’
Flavor: r-patched-solaris-x86