CRAN Package Check Results for Package AzureContainers

Last updated on 2019-09-22 11:46:09 CEST.

Flavor Version Tinstall Tcheck Ttotal Status Flags
r-devel-linux-x86_64-debian-clang 1.1.0 6.99 29.38 36.37 OK
r-devel-linux-x86_64-debian-gcc 1.1.0 5.26 24.19 29.45 OK
r-devel-linux-x86_64-fedora-clang 1.1.0 44.72 NOTE
r-devel-linux-x86_64-fedora-gcc 1.1.0 47.09 NOTE
r-devel-windows-ix86+x86_64 1.1.0 17.00 42.00 59.00 OK
r-patched-linux-x86_64 1.1.0 5.66 29.37 35.03 OK
r-patched-solaris-x86 1.1.0 70.40 NOTE
r-release-linux-x86_64 1.1.0 6.26 29.98 36.24 OK
r-release-windows-ix86+x86_64 1.1.0 10.00 51.00 61.00 OK
r-release-osx-x86_64 1.1.0 NOTE
r-oldrel-windows-ix86+x86_64 1.1.0 8.00 51.00 59.00 OK
r-oldrel-osx-x86_64 1.1.0 NOTE

Check Details

Version: 1.1.0
Check: dependencies in R code
Result: NOTE
    Namespaces in Imports field not imported from:
     ‘AzureAuth’ ‘openssl’
     All declared Imports should be used.
Flavors: r-devel-linux-x86_64-fedora-clang, r-devel-linux-x86_64-fedora-gcc, r-patched-solaris-x86, r-release-osx-x86_64, r-oldrel-osx-x86_64