CRAN Package Check Results for Package AssetCorr

Last updated on 2024-04-18 06:09:40 CEST.

Flavor Version Tinstall Tcheck Ttotal Status Flags
r-devel-linux-x86_64-debian-clang 1.0.4 12.59 97.08 109.67 OK
r-devel-linux-x86_64-debian-gcc 1.0.4 10.88 70.20 81.08 OK
r-devel-linux-x86_64-fedora-clang 1.0.4 139.00 NOTE
r-devel-linux-x86_64-fedora-gcc 1.0.4 403.40 NOTE
r-prerel-macos-arm64 1.0.4 95.00 OK
r-prerel-windows-x86_64 1.0.4 12.00 88.00 100.00 OK
r-patched-linux-x86_64 1.0.4 14.90 88.89 103.79 OK
r-release-linux-x86_64 1.0.4 11.75 88.60 100.35 OK
r-release-macos-arm64 1.0.4 99.00 OK
r-release-macos-x86_64 1.0.4 191.00 OK
r-release-windows-x86_64 1.0.4 16.00 103.00 119.00 OK
r-oldrel-macos-arm64 1.0.4 92.00 NOTE
r-oldrel-windows-x86_64 1.0.4 15.00 107.00 122.00 OK

Check Details

Version: 1.0.4
Check: dependencies in R code
Result: NOTE Namespace in Imports field not imported from: ‘knitr’ All declared Imports should be used. Flavors: r-devel-linux-x86_64-fedora-clang, r-devel-linux-x86_64-fedora-gcc, r-oldrel-macos-arm64