CRAN Package Check Results for Package ArchaeoPhases

Last updated on 2018-01-17 09:53:14 CET.

Flavor Version Tinstall Tcheck Ttotal Status Flags
r-devel-linux-x86_64-debian-clang 1.3 2.82 153.21 156.03 OK
r-devel-linux-x86_64-debian-gcc 1.3 2.05 114.30 116.35 OK
r-devel-linux-x86_64-fedora-clang 1.3 174.71 NOTE
r-devel-linux-x86_64-fedora-gcc 1.3 185.21 NOTE
r-devel-windows-ix86+x86_64 1.3 9.00 153.00 162.00 OK
r-patched-linux-x86_64 1.3 3.03 140.02 143.05 OK
r-patched-solaris-x86 1.3 232.90 NOTE
r-release-linux-x86_64 1.3 2.89 141.95 144.84 OK
r-release-windows-ix86+x86_64 1.3 9.00 147.00 156.00 OK
r-release-osx-x86_64 1.3 NOTE
r-oldrel-windows-ix86+x86_64 1.3 12.00 166.00 178.00 OK
r-oldrel-osx-x86_64 1.3 NOTE

Check Details

Version: 1.3
Check: dependencies in R code
Result: NOTE
    Namespace in Imports field not imported from: ‘DT’
     All declared Imports should be used.
Flavors: r-devel-linux-x86_64-fedora-clang, r-devel-linux-x86_64-fedora-gcc, r-patched-solaris-x86, r-release-osx-x86_64, r-oldrel-osx-x86_64