CRAN Package Check Results for Package ArchaeoPhases

Last updated on 2018-12-16 15:46:49 CET.

Flavor Version Tinstall Tcheck Ttotal Status Flags
r-devel-linux-x86_64-debian-clang 1.3 5.87 156.37 162.24 OK
r-devel-linux-x86_64-debian-gcc 1.3 4.76 113.63 118.39 OK
r-devel-linux-x86_64-fedora-clang 1.3 179.97 NOTE
r-devel-linux-x86_64-fedora-gcc 1.3 172.26 NOTE
r-devel-windows-ix86+x86_64 1.3 20.00 202.00 222.00 OK
r-patched-linux-x86_64 1.3 3.63 140.49 144.12 OK
r-patched-solaris-x86 1.3 271.10 NOTE
r-release-linux-x86_64 1.3 5.81 139.76 145.57 OK
r-release-windows-ix86+x86_64 1.3 22.00 223.00 245.00 OK
r-release-osx-x86_64 1.3 NOTE
r-oldrel-windows-ix86+x86_64 1.3 17.00 219.00 236.00 OK
r-oldrel-osx-x86_64 1.3 NOTE

Check Details

Version: 1.3
Check: dependencies in R code
Result: NOTE
    Namespace in Imports field not imported from: ‘DT’
     All declared Imports should be used.
Flavors: r-devel-linux-x86_64-fedora-clang, r-devel-linux-x86_64-fedora-gcc, r-patched-solaris-x86, r-release-osx-x86_64, r-oldrel-osx-x86_64