CRAN Package Check Results for Package ArchaeoPhases

Last updated on 2018-09-20 17:49:57 CEST.

Flavor Version Tinstall Tcheck Ttotal Status Flags
r-devel-linux-x86_64-debian-clang 1.3 5.36 152.79 158.15 OK
r-devel-linux-x86_64-debian-gcc 1.3 4.64 113.53 118.17 OK
r-devel-linux-x86_64-fedora-clang 1.3 194.48 NOTE
r-devel-linux-x86_64-fedora-gcc 1.3 190.83 NOTE
r-devel-windows-ix86+x86_64 1.3 20.00 211.00 231.00 OK
r-patched-linux-x86_64 1.3 4.97 138.05 143.02 OK
r-patched-solaris-x86 1.3 269.10 NOTE
r-release-linux-x86_64 1.3 4.55 138.52 143.07 OK
r-release-windows-ix86+x86_64 1.3 25.00 200.00 225.00 OK
r-release-osx-x86_64 1.3 NOTE
r-oldrel-windows-ix86+x86_64 1.3 10.00 208.00 218.00 OK
r-oldrel-osx-x86_64 1.3 NOTE

Check Details

Version: 1.3
Check: dependencies in R code
Result: NOTE
    Namespace in Imports field not imported from: ‘DT’
     All declared Imports should be used.
Flavors: r-devel-linux-x86_64-fedora-clang, r-devel-linux-x86_64-fedora-gcc, r-patched-solaris-x86, r-release-osx-x86_64, r-oldrel-osx-x86_64