CRAN Package Check Results for Package ArchaeoPhases

Last updated on 2018-06-24 00:46:18 CEST.

Flavor Version Tinstall Tcheck Ttotal Status Flags
r-devel-linux-x86_64-debian-clang 1.3 3.99 143.04 147.03 OK
r-devel-linux-x86_64-debian-gcc 1.3 3.74 109.43 113.17 OK
r-devel-linux-x86_64-fedora-clang 1.3 171.62 NOTE
r-devel-linux-x86_64-fedora-gcc 1.3 162.79 NOTE
r-devel-windows-ix86+x86_64 1.3 11.00 145.00 156.00 OK
r-patched-linux-x86_64 1.3 4.81 135.12 139.93 OK
r-patched-solaris-x86 1.3 254.50 NOTE
r-release-linux-x86_64 1.3 4.92 133.47 138.39 OK
r-release-windows-ix86+x86_64 1.3 13.00 149.00 162.00 OK
r-release-osx-x86_64 1.3 NOTE
r-oldrel-windows-ix86+x86_64 1.3 14.00 157.00 171.00 OK
r-oldrel-osx-x86_64 1.3 NOTE

Check Details

Version: 1.3
Check: dependencies in R code
Result: NOTE
    Namespace in Imports field not imported from: ‘DT’
     All declared Imports should be used.
Flavors: r-devel-linux-x86_64-fedora-clang, r-devel-linux-x86_64-fedora-gcc, r-patched-solaris-x86, r-release-osx-x86_64, r-oldrel-osx-x86_64