CRAN Package Check Results for Package AlphaSimR

Last updated on 2021-05-09 17:46:41 CEST.

Flavor Version Tinstall Tcheck Ttotal Status Flags
r-devel-linux-x86_64-debian-clang 0.13.0 292.56 80.34 372.90 NOTE
r-devel-linux-x86_64-debian-gcc 0.13.0 190.95 64.90 255.85 NOTE
r-devel-linux-x86_64-fedora-clang 0.13.0 507.55 NOTE
r-devel-linux-x86_64-fedora-gcc 0.13.0 472.11 NOTE
r-devel-windows-ix86+x86_64 0.13.0 453.00 148.00 601.00 NOTE
r-devel-windows-x86_64-gcc10-UCRT 0.13.0 NOTE
r-patched-linux-x86_64 0.13.0 229.32 80.48 309.80 NOTE
r-patched-solaris-x86 0.13.0 431.20 OK
r-release-linux-x86_64 0.13.0 227.70 78.19 305.89 OK
r-release-macos-x86_64 0.13.0 NOTE
r-release-windows-ix86+x86_64 0.13.0 450.00 116.00 566.00 NOTE
r-oldrel-macos-x86_64 0.13.0 NOTE
r-oldrel-windows-ix86+x86_64 0.13.0 555.00 125.00 680.00 OK

Check Details

Version: 0.13.0
Check: LazyData
Result: NOTE
     'LazyData' is specified without a 'data' directory
Flavors: r-devel-linux-x86_64-debian-clang, r-devel-linux-x86_64-debian-gcc, r-devel-linux-x86_64-fedora-clang, r-devel-linux-x86_64-fedora-gcc, r-devel-windows-ix86+x86_64, r-devel-windows-x86_64-gcc10-UCRT, r-patched-linux-x86_64

Version: 0.13.0
Check: installed package size
Result: NOTE
     installed size is 16.9Mb
     sub-directories of 1Mb or more:
     libs 15.9Mb
Flavors: r-devel-linux-x86_64-fedora-clang, r-devel-windows-ix86+x86_64, r-release-macos-x86_64, r-release-windows-ix86+x86_64, r-oldrel-macos-x86_64