CRAN Package Check Results for Package AlgDesign

Last updated on 2024-04-21 17:56:19 CEST.

Flavor Version Tinstall Tcheck Ttotal Status Flags
r-devel-linux-x86_64-debian-clang 1.2.1 11.14 44.13 55.27 OK
r-devel-linux-x86_64-debian-gcc 1.2.1 6.41 33.76 40.17 OK
r-devel-linux-x86_64-fedora-clang 1.2.1 71.00 NOTE
r-devel-linux-x86_64-fedora-gcc 1.2.1 82.42 NOTE
r-prerel-macos-arm64 1.2.1 31.00 OK
r-prerel-windows-x86_64 1.2.1 9.00 72.00 81.00 OK
r-patched-linux-x86_64 1.2.1 7.29 43.06 50.35 OK
r-release-linux-x86_64 1.2.1 8.02 42.48 50.50 OK
r-release-macos-arm64 1.2.1 35.00 OK
r-release-macos-x86_64 1.2.1 47.00 OK
r-release-windows-x86_64 1.2.1 10.00 68.00 78.00 OK
r-oldrel-macos-arm64 1.2.1 29.00 OK
r-oldrel-windows-x86_64 1.2.1 36.00 78.00 114.00 OK

Check Details

Version: 1.2.1
Check: compiled code
Result: NOTE File ‘AlgDesign/libs/AlgDesign.so’: Found no calls to: ‘R_registerRoutines’, ‘R_useDynamicSymbols’ It is good practice to register native routines and to disable symbol search. See ‘Writing portable packages’ in the ‘Writing R Extensions’ manual. Flavors: r-devel-linux-x86_64-fedora-clang, r-devel-linux-x86_64-fedora-gcc