CRAN Package Check Results for Package ATAforecasting

Last updated on 2021-06-25 05:51:41 CEST.

Flavor Version Tinstall Tcheck Ttotal Status Flags
r-devel-linux-x86_64-debian-clang 0.0.52 53.12 187.35 240.47 OK
r-devel-linux-x86_64-debian-gcc 0.0.52 38.43 137.51 175.94 OK
r-devel-linux-x86_64-fedora-clang 0.0.52 297.01 OK
r-devel-linux-x86_64-fedora-gcc 0.0.52 284.54 OK
r-devel-windows-x86_64 0.0.52 74.00 175.00 249.00 OK
r-devel-windows-x86_64-gcc10-UCRT 0.0.52 OK
r-patched-linux-x86_64 0.0.52 52.08 174.02 226.10 OK
r-patched-solaris-x86 0.0.52 4.90 ERROR
r-release-linux-x86_64 0.0.52 48.03 174.49 222.52 OK
r-release-macos-arm64 0.0.52 OK
r-release-macos-x86_64 0.0.52 OK
r-release-windows-ix86+x86_64 0.0.52 88.00 260.00 348.00 OK
r-oldrel-macos-x86_64 0.0.52 OK
r-oldrel-windows-ix86+x86_64 0.0.52 135.00 248.00 383.00 OK

Check Details

Version: 0.0.52
Check: package dependencies
Result: ERROR
    Package required but not available: ‘seasonal’
    
    See section ‘The DESCRIPTION file’ in the ‘Writing R Extensions’
    manual.
Flavor: r-patched-solaris-x86