CRAN Package Check Results for Package ASPBay

Last updated on 2020-08-06 17:49:11 CEST.

Flavor Version Tinstall Tcheck Ttotal Status Flags
r-devel-linux-x86_64-debian-clang 1.2 32.60 70.44 103.04 NOTE
r-devel-linux-x86_64-debian-gcc 1.2 24.79 51.50 76.29 NOTE
r-devel-linux-x86_64-fedora-clang 1.2 140.39 NOTE
r-devel-linux-x86_64-fedora-gcc 1.2 136.96 NOTE
r-devel-windows-ix86+x86_64 1.2 85.00 119.00 204.00 NOTE
r-patched-linux-x86_64 1.2 26.99 71.06 98.05 NOTE
r-patched-solaris-x86 1.2 178.40 NOTE
r-release-linux-x86_64 1.2 27.14 70.49 97.63 NOTE
r-release-macos-x86_64 1.2 NOTE
r-release-windows-ix86+x86_64 1.2 92.00 151.00 243.00 NOTE
r-oldrel-macos-x86_64 1.2 NOTE
r-oldrel-windows-ix86+x86_64 1.2 59.00 123.00 182.00 NOTE

Check Details

Version: 1.2
Check: R code for possible problems
Result: NOTE
    ASP.Score: no visible global function definition for 'pnorm'
    Graphs.Bayesian: no visible global function definition for 'dev.new'
    colorhex: no visible global function definition for 'gray'
    colorhex: no visible global function definition for 'rgb'
    Undefined global functions or variables:
     dev.new gray pnorm rgb
    Consider adding
     importFrom("grDevices", "dev.new", "gray", "rgb")
     importFrom("stats", "pnorm")
    to your NAMESPACE file.
Flavors: r-devel-linux-x86_64-debian-clang, r-devel-linux-x86_64-debian-gcc, r-devel-linux-x86_64-fedora-clang, r-devel-linux-x86_64-fedora-gcc, r-devel-windows-ix86+x86_64, r-patched-linux-x86_64, r-patched-solaris-x86, r-release-linux-x86_64, r-release-macos-x86_64, r-release-windows-ix86+x86_64, r-oldrel-macos-x86_64, r-oldrel-windows-ix86+x86_64

Version: 1.2
Check: compiled code
Result: NOTE
    File ‘ASPBay/libs/ASPBay.so’:
     Found no calls to: ‘R_registerRoutines’, ‘R_useDynamicSymbols’
    
    It is good practice to register native routines and to disable symbol
    search.
    
    See ‘Writing portable packages’ in the ‘Writing R Extensions’ manual.
Flavors: r-devel-linux-x86_64-fedora-clang, r-devel-linux-x86_64-fedora-gcc