CRAN Package Check Results for Package ASPBay

Last updated on 2020-01-25 04:46:44 CET.

Flavor Version Tinstall Tcheck Ttotal Status Flags
r-devel-linux-x86_64-debian-clang 1.2 31.66 72.30 103.96 NOTE
r-devel-linux-x86_64-debian-gcc 1.2 21.15 52.56 73.71 NOTE
r-devel-linux-x86_64-fedora-clang 1.2 132.50 NOTE
r-devel-linux-x86_64-fedora-gcc 1.2 127.45 NOTE
r-devel-windows-ix86+x86_64 1.2 89.00 149.00 238.00 NOTE
r-devel-windows-ix86+x86_64-gcc8 1.2 89.00 115.00 204.00 NOTE
r-patched-linux-x86_64 1.2 24.85 66.72 91.57 NOTE
r-patched-solaris-x86 1.2 172.90 NOTE
r-release-linux-x86_64 1.2 23.73 66.85 90.58 NOTE
r-release-windows-ix86+x86_64 1.2 82.00 141.00 223.00 NOTE
r-release-osx-x86_64 1.2 NOTE
r-oldrel-windows-ix86+x86_64 1.2 50.00 104.00 154.00 NOTE
r-oldrel-osx-x86_64 1.2 NOTE

Check Details

Version: 1.2
Check: R code for possible problems
Result: NOTE
    ASP.Score: no visible global function definition for 'pnorm'
    Graphs.Bayesian: no visible global function definition for 'dev.new'
    colorhex: no visible global function definition for 'gray'
    colorhex: no visible global function definition for 'rgb'
    Undefined global functions or variables:
     dev.new gray pnorm rgb
    Consider adding
     importFrom("grDevices", "dev.new", "gray", "rgb")
     importFrom("stats", "pnorm")
    to your NAMESPACE file.
Flavors: r-devel-linux-x86_64-debian-clang, r-devel-linux-x86_64-debian-gcc, r-devel-linux-x86_64-fedora-clang, r-devel-linux-x86_64-fedora-gcc, r-devel-windows-ix86+x86_64, r-devel-windows-ix86+x86_64-gcc8, r-patched-linux-x86_64, r-patched-solaris-x86, r-release-linux-x86_64, r-release-windows-ix86+x86_64, r-release-osx-x86_64, r-oldrel-windows-ix86+x86_64, r-oldrel-osx-x86_64

Version: 1.2
Check: compiled code
Result: NOTE
    File ‘ASPBay/libs/ASPBay.so’:
     Found no calls to: ‘R_registerRoutines’, ‘R_useDynamicSymbols’
    
    It is good practice to register native routines and to disable symbol
    search.
    
    See ‘Writing portable packages’ in the ‘Writing R Extensions’ manual.
Flavors: r-devel-linux-x86_64-fedora-clang, r-devel-linux-x86_64-fedora-gcc