CRAN Package Check Results for Package ANOVAShiny2

Last updated on 2024-04-21 17:56:19 CEST.

Flavor Version Tinstall Tcheck Ttotal Status Flags
r-devel-linux-x86_64-debian-clang 0.1.0 1.73 20.29 22.02 NOTE
r-devel-linux-x86_64-debian-gcc 0.1.0 1.99 15.76 17.75 NOTE
r-devel-linux-x86_64-fedora-clang 0.1.0 29.77 NOTE
r-devel-linux-x86_64-fedora-gcc 0.1.0 29.29 NOTE
r-prerel-macos-arm64 0.1.0 14.00 NOTE
r-prerel-windows-x86_64 0.1.0 4.00 38.00 42.00 NOTE
r-patched-linux-x86_64 0.1.0 1.39 20.03 21.42 NOTE
r-release-linux-x86_64 0.1.0 1.53 19.78 21.31 NOTE
r-release-macos-arm64 0.1.0 15.00 NOTE
r-release-macos-x86_64 0.1.0 18.00 NOTE
r-release-windows-x86_64 0.1.0 4.00 37.00 41.00 NOTE
r-oldrel-macos-arm64 0.1.0 15.00 NOTE
r-oldrel-windows-x86_64 0.1.0 5.00 42.00 47.00 NOTE

Check Details

Version: 0.1.0
Check: LazyData
Result: NOTE 'LazyData' is specified without a 'data' directory Flavors: r-devel-linux-x86_64-debian-clang, r-devel-linux-x86_64-debian-gcc, r-devel-linux-x86_64-fedora-clang, r-devel-linux-x86_64-fedora-gcc, r-prerel-macos-arm64, r-prerel-windows-x86_64, r-patched-linux-x86_64, r-release-linux-x86_64, r-release-macos-arm64, r-release-macos-x86_64, r-release-windows-x86_64, r-oldrel-macos-arm64, r-oldrel-windows-x86_64

Version: 0.1.0
Check: dependencies in R code
Result: NOTE Namespaces in Imports field not imported from: ‘DescTools’ ‘HH’ ‘datasets’ ‘dplyr’ ‘rhandsontable’ ‘shiny’ All declared Imports should be used. Flavors: r-devel-linux-x86_64-fedora-clang, r-devel-linux-x86_64-fedora-gcc, r-oldrel-macos-arm64