CRAN Package Check Results for Package ADMM

Last updated on 2024-04-23 05:58:03 CEST.

Flavor Version Tinstall Tcheck Ttotal Status Flags
r-devel-linux-x86_64-debian-clang 0.3.3 71.35 78.84 150.19 NOTE
r-devel-linux-x86_64-debian-gcc 0.3.3 59.63 59.11 118.74 NOTE
r-devel-linux-x86_64-fedora-clang 0.3.3 214.77 NOTE
r-devel-linux-x86_64-fedora-gcc 0.3.3 225.18 NOTE
r-prerel-macos-arm64 0.3.3 50.00 NOTE
r-prerel-windows-x86_64 0.3.3 58.00 125.00 183.00 NOTE
r-patched-linux-x86_64 0.3.3 71.54 74.99 146.53 NOTE
r-release-linux-x86_64 0.3.3 74.69 79.53 154.22 NOTE
r-release-macos-arm64 0.3.3 59.00 NOTE
r-release-macos-x86_64 0.3.3 96.00 NOTE
r-release-windows-x86_64 0.3.3 74.00 116.00 190.00 NOTE
r-oldrel-macos-arm64 0.3.3 54.00 NOTE
r-oldrel-windows-x86_64 0.3.3 68.00 108.00 176.00 OK

Check Details

Version: 0.3.3
Check: C++ specification
Result: NOTE Specified C++11: please drop specification unless essential Flavors: r-devel-linux-x86_64-debian-clang, r-devel-linux-x86_64-debian-gcc, r-devel-linux-x86_64-fedora-clang, r-devel-linux-x86_64-fedora-gcc, r-prerel-macos-arm64, r-prerel-windows-x86_64, r-patched-linux-x86_64, r-release-linux-x86_64, r-release-macos-arm64, r-release-macos-x86_64, r-release-windows-x86_64

Version: 0.3.3
Check: installed package size
Result: NOTE installed size is 5.8Mb sub-directories of 1Mb or more: libs 5.6Mb Flavors: r-prerel-macos-arm64, r-release-macos-arm64, r-release-macos-x86_64, r-oldrel-macos-arm64