CRAN Package Check Results for Package ADGofTest

Last updated on 2021-05-08 11:50:17 CEST.

Flavor Version Tinstall Tcheck Ttotal Status Flags
r-devel-linux-x86_64-debian-clang 0.3 1.88 12.20 14.08 NOTE
r-devel-linux-x86_64-debian-gcc 0.3 1.38 15.61 16.99 NOTE
r-devel-linux-x86_64-fedora-clang 0.3 37.22 NOTE
r-devel-linux-x86_64-fedora-gcc 0.3 27.65 NOTE
r-devel-windows-ix86+x86_64 0.3 3.00 26.00 29.00 NOTE
r-devel-windows-x86_64-gcc10-UCRT 0.3 NOTE
r-patched-linux-x86_64 0.3 1.82 11.53 13.35 NOTE
r-patched-solaris-x86 0.3 39.80 NOTE
r-release-linux-x86_64 0.3 1.99 11.71 13.70 NOTE
r-release-macos-x86_64 0.3 NOTE
r-release-windows-ix86+x86_64 0.3 4.00 30.00 34.00 NOTE
r-oldrel-macos-x86_64 0.3 NOTE
r-oldrel-windows-ix86+x86_64 0.3 4.00 38.00 42.00 NOTE

Check Details

Version: 0.3
Check: DESCRIPTION meta-information
Result: NOTE
    Malformed Description field: should contain one or more complete sentences.
Flavors: r-devel-linux-x86_64-debian-clang, r-devel-linux-x86_64-debian-gcc, r-devel-linux-x86_64-fedora-clang, r-devel-linux-x86_64-fedora-gcc, r-devel-windows-ix86+x86_64, r-devel-windows-x86_64-gcc10-UCRT, r-patched-linux-x86_64, r-patched-solaris-x86, r-release-linux-x86_64, r-release-macos-x86_64, r-release-windows-ix86+x86_64, r-oldrel-macos-x86_64, r-oldrel-windows-ix86+x86_64