CRAN Package Check Results for Package wordnet

Last updated on 2018-07-18 05:49:08 CEST.

Flavor Version Tinstall Tcheck Ttotal Status Flags
r-devel-linux-x86_64-debian-clang 0.1-14 2.37 45.27 47.64 OK
r-devel-linux-x86_64-debian-gcc 0.1-14 2.20 34.94 37.14 OK
r-devel-linux-x86_64-fedora-clang 0.1-14 51.09 OK
r-devel-linux-x86_64-fedora-gcc 0.1-14 49.76 OK
r-devel-windows-ix86+x86_64 0.1-14 6.00 54.00 60.00 OK
r-patched-linux-x86_64 0.1-14 2.17 40.23 42.40 OK
r-patched-solaris-x86 0.1-14 64.20 OK
r-release-linux-x86_64 0.1-14 2.51 39.46 41.97 OK
r-release-windows-ix86+x86_64 0.1-14 4.00 53.00 57.00 OK
r-release-osx-x86_64 0.1-14 NOTE
r-oldrel-windows-ix86+x86_64 0.1-14 7.00 71.00 78.00 OK
r-oldrel-osx-x86_64 0.1-14 NOTE

Check Details

Version: 0.1-14
Check: whether the namespace can be loaded with stated dependencies
Result: NOTE
    Warning in initDict() :
     cannot find WordNet 'dict' directory: please set the environment variable WNHOME to its parent
    
    A namespace must be able to be loaded with just the base namespace
    loaded: otherwise if the namespace gets loaded by a saved object, the
    session will be unable to start.
    
    Probably some imports need to be declared in the NAMESPACE file.
Flavors: r-release-osx-x86_64, r-oldrel-osx-x86_64