CRAN Package Check Results for Package wordnet

Last updated on 2018-10-22 11:48:49 CEST.

Flavor Version Tinstall Tcheck Ttotal Status Flags
r-devel-linux-x86_64-debian-clang 0.1-14 2.83 43.16 45.99 OK
r-devel-linux-x86_64-debian-gcc 0.1-14 2.24 33.88 36.12 OK
r-devel-linux-x86_64-fedora-clang 0.1-14 53.30 OK
r-devel-linux-x86_64-fedora-gcc 0.1-14 51.67 OK
r-devel-windows-ix86+x86_64 0.1-14 8.00 49.00 57.00 OK
r-patched-linux-x86_64 0.1-14 1.90 35.62 37.52 OK
r-patched-solaris-x86 0.1-14 62.00 OK
r-release-linux-x86_64 0.1-14 1.85 36.09 37.94 OK
r-release-windows-ix86+x86_64 0.1-14 4.00 53.00 57.00 OK
r-release-osx-x86_64 0.1-14 NOTE
r-oldrel-windows-ix86+x86_64 0.1-14 7.00 71.00 78.00 OK
r-oldrel-osx-x86_64 0.1-14 NOTE

Check Details

Version: 0.1-14
Check: whether the namespace can be loaded with stated dependencies
Result: NOTE
    Warning in initDict() :
     cannot find WordNet 'dict' directory: please set the environment variable WNHOME to its parent
    
    A namespace must be able to be loaded with just the base namespace
    loaded: otherwise if the namespace gets loaded by a saved object, the
    session will be unable to start.
    
    Probably some imports need to be declared in the NAMESPACE file.
Flavors: r-release-osx-x86_64, r-oldrel-osx-x86_64