CRAN Package Check Results for Package uGMAR

Last updated on 2018-01-20 09:51:37 CET.

Flavor Version Tinstall Tcheck Ttotal Status Flags
r-devel-linux-x86_64-debian-clang 1.0.2 1.51 49.59 51.10 NOTE
r-devel-linux-x86_64-debian-gcc 1.0.2 1.39 37.29 38.68 NOTE
r-devel-linux-x86_64-fedora-clang 1.0.2 56.37 NOTE
r-devel-linux-x86_64-fedora-gcc 1.0.2 55.39 NOTE
r-devel-windows-ix86+x86_64 1.0.2 8.00 60.00 68.00 OK
r-patched-linux-x86_64 1.0.2 1.35 46.54 47.89 OK
r-patched-solaris-x86 1.0.2 71.50 OK
r-release-linux-x86_64 1.0.2 1.36 46.88 48.24 OK
r-release-windows-ix86+x86_64 1.0.2 7.00 76.00 83.00 OK
r-release-osx-x86_64 1.0.2 OK
r-oldrel-windows-ix86+x86_64 1.0.2 6.00 77.00 83.00 OK
r-oldrel-osx-x86_64 1.0.2 OK

Check Details

Version: 1.0.2
Check: DESCRIPTION meta-information
Result: NOTE
    Dependence on R version ‘3.3.2’ not with patchlevel 0
Flavors: r-devel-linux-x86_64-debian-clang, r-devel-linux-x86_64-debian-gcc, r-devel-linux-x86_64-fedora-clang, r-devel-linux-x86_64-fedora-gcc