CRAN Package Check Results for Package rmetasim

Last updated on 2018-01-17 09:53:48 CET.

Flavor Version Tinstall Tcheck Ttotal Status Flags
r-devel-linux-x86_64-debian-clang 3.1.6 23.81 200.85 224.66 OK
r-devel-linux-x86_64-debian-gcc 3.1.6 18.95 172.75 191.70 OK
r-devel-linux-x86_64-fedora-clang 3.1.6 276.43 OK
r-devel-linux-x86_64-fedora-gcc 3.1.6 269.93 OK
r-devel-windows-ix86+x86_64 3.1.6 58.00 316.00 374.00 OK
r-patched-linux-x86_64 3.1.6 23.67 218.93 242.60 OK
r-patched-solaris-x86 3.1.6 520.00 OK
r-release-linux-x86_64 3.1.6 24.25 226.10 250.35 OK
r-release-windows-ix86+x86_64 3.1.6 54.00 268.00 322.00 OK
r-release-osx-x86_64 3.1.6 OK
r-oldrel-windows-ix86+x86_64 3.1.3 20.00 6.00 26.00 ERROR
r-oldrel-osx-x86_64 3.1.6 ERROR

Check Details

Version: 3.1.3
Check: whether package can be installed
Result: ERROR
    Installation failed.
Flavor: r-oldrel-windows-ix86+x86_64

Version: 3.1.6
Check: whether package can be installed
Result: ERROR
    Installation failed.
Flavor: r-oldrel-osx-x86_64