CRAN Package Check Results for Package readobj

Last updated on 2018-04-25 17:49:30 CEST.

Flavor Version Tinstall Tcheck Ttotal Status Flags
r-devel-linux-x86_64-debian-clang 0.3 16.96 23.58 40.54 OK
r-devel-linux-x86_64-debian-gcc 0.3 16.79 18.63 35.42 OK
r-devel-linux-x86_64-fedora-clang 0.3 55.37 NOTE
r-devel-linux-x86_64-fedora-gcc 0.3 53.37 NOTE
r-devel-windows-ix86+x86_64 0.3 55.00 54.00 109.00 OK
r-patched-linux-x86_64 0.3 23.52 22.71 46.23 OK
r-patched-solaris-x86 0.3 69.80 OK
r-release-linux-x86_64 0.3 21.69 22.97 44.66 OK
r-release-windows-ix86+x86_64 0.3 55.00 54.00 109.00 OK
r-release-osx-x86_64 0.3 NOTE
r-oldrel-windows-ix86+x86_64 0.3 63.00 62.00 125.00 OK
r-oldrel-osx-x86_64 0.3 NOTE

Check Details

Version: 0.3
Check: if this is a source package
Result: NOTE
    Found the following apparent object files/libraries:
     inst/obj/cube.obj inst/obj/cube_badmtl.obj
    Object files/libraries should not be included in a source package.
Flavors: r-devel-linux-x86_64-fedora-clang, r-devel-linux-x86_64-fedora-gcc, r-release-osx-x86_64, r-oldrel-osx-x86_64