CRAN Package Check Results for Package readobj

Last updated on 2018-01-20 09:51:27 CET.

Flavor Version Tinstall Tcheck Ttotal Status Flags
r-devel-linux-x86_64-debian-clang 0.3 15.53 24.43 39.96 OK
r-devel-linux-x86_64-debian-gcc 0.3 15.61 19.13 34.74 OK
r-devel-linux-x86_64-fedora-clang 0.3 54.42 NOTE
r-devel-linux-x86_64-fedora-gcc 0.3 54.07 NOTE
r-devel-windows-ix86+x86_64 0.3 59.00 65.00 124.00 OK
r-patched-linux-x86_64 0.3 18.23 23.20 41.43 OK
r-patched-solaris-x86 0.3 68.80 OK
r-release-linux-x86_64 0.3 19.79 23.46 43.25 OK
r-release-windows-ix86+x86_64 0.3 58.00 53.00 111.00 OK
r-release-osx-x86_64 0.3 NOTE
r-oldrel-windows-ix86+x86_64 0.3 58.00 50.00 108.00 OK
r-oldrel-osx-x86_64 0.3 NOTE

Check Details

Version: 0.3
Check: if this is a source package
Result: NOTE
    Found the following apparent object files/libraries:
     inst/obj/cube.obj inst/obj/cube_badmtl.obj
    Object files/libraries should not be included in a source package.
Flavors: r-devel-linux-x86_64-fedora-clang, r-devel-linux-x86_64-fedora-gcc, r-release-osx-x86_64, r-oldrel-osx-x86_64