CRAN Package Check Results for Package readobj

Last updated on 2018-07-18 05:48:55 CEST.

Flavor Version Tinstall Tcheck Ttotal Status Flags
r-devel-linux-x86_64-debian-clang 0.3 17.26 25.39 42.65 OK
r-devel-linux-x86_64-debian-gcc 0.3 17.46 20.50 37.96 OK
r-devel-linux-x86_64-fedora-clang 0.3 58.88 NOTE
r-devel-linux-x86_64-fedora-gcc 0.3 60.33 NOTE
r-devel-windows-ix86+x86_64 0.3 57.00 86.00 143.00 OK
r-patched-linux-x86_64 0.3 19.70 23.27 42.97 OK
r-patched-solaris-x86 0.3 67.40 OK
r-release-linux-x86_64 0.3 22.55 23.15 45.70 OK
r-release-windows-ix86+x86_64 0.3 54.00 78.00 132.00 OK
r-release-osx-x86_64 0.3 NOTE
r-oldrel-windows-ix86+x86_64 0.3 54.00 57.00 111.00 OK
r-oldrel-osx-x86_64 0.3 NOTE

Check Details

Version: 0.3
Check: if this is a source package
Result: NOTE
    Found the following apparent object files/libraries:
     inst/obj/cube.obj inst/obj/cube_badmtl.obj
    Object files/libraries should not be included in a source package.
Flavors: r-devel-linux-x86_64-fedora-clang, r-devel-linux-x86_64-fedora-gcc, r-release-osx-x86_64, r-oldrel-osx-x86_64