CRAN Package Check Results for Package readobj

Last updated on 2018-10-22 11:48:36 CEST.

Flavor Version Tinstall Tcheck Ttotal Status Flags
r-devel-linux-x86_64-debian-clang 0.3.1 20.92 26.48 47.40 OK
r-devel-linux-x86_64-debian-gcc 0.3.1 18.16 21.51 39.67 OK
r-devel-linux-x86_64-fedora-clang 0.3.1 63.56 OK
r-devel-linux-x86_64-fedora-gcc 0.3.1 60.61 OK
r-devel-windows-ix86+x86_64 0.3.1 56.00 82.00 138.00 OK
r-patched-linux-x86_64 0.3.1 21.03 23.01 44.04 OK
r-patched-solaris-x86 0.3.1 67.00 OK
r-release-linux-x86_64 0.3.1 21.87 23.02 44.89 NOTE
r-release-windows-ix86+x86_64 0.3.1 60.00 77.00 137.00 OK
r-release-osx-x86_64 0.3.1 OK
r-oldrel-windows-ix86+x86_64 0.3.1 43.00 70.00 113.00 OK
r-oldrel-osx-x86_64 0.3.1 OK

Check Details

Version: 0.3.1
Check: package dependencies
Result: NOTE
    Package suggested but not available for checking: ‘rgl’
Flavor: r-release-linux-x86_64