CRAN Package Check Results for Package orthoDr

Last updated on 2018-09-22 17:48:00 CEST.

Flavor Version Tinstall Tcheck Ttotal Status Flags
r-devel-linux-x86_64-debian-clang 0.5.1 190.23 84.43 274.66 OK
r-devel-linux-x86_64-debian-gcc 0.5.1 149.02 67.15 216.17 OK
r-devel-linux-x86_64-fedora-clang 0.5.1 382.73 NOTE
r-devel-linux-x86_64-fedora-gcc 0.5.1 344.59 OK
r-devel-windows-ix86+x86_64 0.5.1 467.00 134.00 601.00 OK
r-patched-linux-x86_64 0.5.1 180.59 72.22 252.81 OK
r-patched-solaris-x86 0.5.1 331.80 OK
r-release-linux-x86_64 0.5.1 190.56 71.11 261.67 OK
r-release-windows-ix86+x86_64 0.5.1 360.00 169.00 529.00 OK
r-release-osx-x86_64 0.5.1 NOTE
r-oldrel-windows-ix86+x86_64 0.5.1 354.00 155.00 509.00 OK
r-oldrel-osx-x86_64 0.5.1 NOTE

Check Details

Version: 0.5.1
Check: installed package size
Result: NOTE
     installed size is 12.8Mb
     sub-directories of 1Mb or more:
     libs 12.5Mb
Flavors: r-devel-linux-x86_64-fedora-clang, r-release-osx-x86_64, r-oldrel-osx-x86_64