CRAN Package Check Results for Package minimalRSD

Last updated on 2018-01-17 09:53:37 CET.

Flavor Version Tinstall Tcheck Ttotal Status Flags
r-devel-linux-x86_64-debian-clang 1.0.0 0.77 16.97 17.74 OK
r-devel-linux-x86_64-debian-gcc 1.0.0 0.51 13.41 13.92 OK
r-devel-linux-x86_64-fedora-clang 1.0.0 20.09 NOTE
r-devel-linux-x86_64-fedora-gcc 1.0.0 19.28 NOTE
r-devel-windows-ix86+x86_64 1.0.0 2.00 40.00 42.00 OK
r-patched-linux-x86_64 1.0.0 0.72 15.63 16.35 OK
r-patched-solaris-x86 1.0.0 31.10 NOTE
r-release-linux-x86_64 1.0.0 0.81 15.44 16.25 OK
r-release-windows-ix86+x86_64 1.0.0 2.00 27.00 29.00 OK
r-release-osx-x86_64 1.0.0 NOTE
r-oldrel-windows-ix86+x86_64 1.0.0 3.00 29.00 32.00 OK
r-oldrel-osx-x86_64 1.0.0 NOTE

Check Details

Version: 1.0.0
Check: dependencies in R code
Result: NOTE
    Namespace in Imports field not imported from: ‘stats’
     All declared Imports should be used.
Flavors: r-devel-linux-x86_64-fedora-clang, r-devel-linux-x86_64-fedora-gcc, r-patched-solaris-x86, r-release-osx-x86_64, r-oldrel-osx-x86_64