CRAN Package Check Results for Package minimalRSD

Last updated on 2018-12-16 15:47:04 CET.

Flavor Version Tinstall Tcheck Ttotal Status Flags
r-devel-linux-x86_64-debian-clang 1.0.0 0.74 17.68 18.42 OK
r-devel-linux-x86_64-debian-gcc 1.0.0 0.80 14.65 15.45 OK
r-devel-linux-x86_64-fedora-clang 1.0.0 22.20 NOTE
r-devel-linux-x86_64-fedora-gcc 1.0.0 21.17 NOTE
r-devel-windows-ix86+x86_64 1.0.0 3.00 30.00 33.00 OK
r-patched-linux-x86_64 1.0.0 1.03 16.54 17.57 OK
r-patched-solaris-x86 1.0.0 34.20 NOTE
r-release-linux-x86_64 1.0.0 1.01 16.74 17.75 OK
r-release-windows-ix86+x86_64 1.0.0 4.00 40.00 44.00 OK
r-release-osx-x86_64 1.0.0 NOTE
r-oldrel-windows-ix86+x86_64 1.0.0 2.00 38.00 40.00 OK
r-oldrel-osx-x86_64 1.0.0 NOTE

Check Details

Version: 1.0.0
Check: dependencies in R code
Result: NOTE
    Namespace in Imports field not imported from: ‘stats’
     All declared Imports should be used.
Flavors: r-devel-linux-x86_64-fedora-clang, r-devel-linux-x86_64-fedora-gcc, r-patched-solaris-x86, r-release-osx-x86_64, r-oldrel-osx-x86_64