CRAN Package Check Results for Package minimalRSD

Last updated on 2018-09-20 17:50:13 CEST.

Flavor Version Tinstall Tcheck Ttotal Status Flags
r-devel-linux-x86_64-debian-clang 1.0.0 0.80 17.77 18.57 OK
r-devel-linux-x86_64-debian-gcc 1.0.0 0.70 14.35 15.05 OK
r-devel-linux-x86_64-fedora-clang 1.0.0 24.40 NOTE
r-devel-linux-x86_64-fedora-gcc 1.0.0 21.01 NOTE
r-devel-windows-ix86+x86_64 1.0.0 2.00 29.00 31.00 OK
r-patched-linux-x86_64 1.0.0 0.93 16.25 17.18 OK
r-patched-solaris-x86 1.0.0 32.30 NOTE
r-release-linux-x86_64 1.0.0 0.94 16.38 17.32 OK
r-release-windows-ix86+x86_64 1.0.0 4.00 40.00 44.00 OK
r-release-osx-x86_64 1.0.0 NOTE
r-oldrel-windows-ix86+x86_64 1.0.0 2.00 27.00 29.00 OK
r-oldrel-osx-x86_64 1.0.0 NOTE

Check Details

Version: 1.0.0
Check: dependencies in R code
Result: NOTE
    Namespace in Imports field not imported from: ‘stats’
     All declared Imports should be used.
Flavors: r-devel-linux-x86_64-fedora-clang, r-devel-linux-x86_64-fedora-gcc, r-patched-solaris-x86, r-release-osx-x86_64, r-oldrel-osx-x86_64