CRAN Package Check Results for Package minimalRSD

Last updated on 2018-06-24 00:46:36 CEST.

Flavor Version Tinstall Tcheck Ttotal Status Flags
r-devel-linux-x86_64-debian-clang 1.0.0 0.99 17.48 18.47 OK
r-devel-linux-x86_64-debian-gcc 1.0.0 0.75 14.17 14.92 OK
r-devel-linux-x86_64-fedora-clang 1.0.0 21.71 NOTE
r-devel-linux-x86_64-fedora-gcc 1.0.0 20.16 NOTE
r-devel-windows-ix86+x86_64 1.0.0 2.00 25.00 27.00 OK
r-patched-linux-x86_64 1.0.0 0.82 16.52 17.34 OK
r-patched-solaris-x86 1.0.0 32.50 NOTE
r-release-linux-x86_64 1.0.0 0.72 16.33 17.05 OK
r-release-windows-ix86+x86_64 1.0.0 4.00 40.00 44.00 OK
r-release-osx-x86_64 1.0.0 NOTE
r-oldrel-windows-ix86+x86_64 1.0.0 2.00 27.00 29.00 OK
r-oldrel-osx-x86_64 1.0.0 NOTE

Check Details

Version: 1.0.0
Check: dependencies in R code
Result: NOTE
    Namespace in Imports field not imported from: ‘stats’
     All declared Imports should be used.
Flavors: r-devel-linux-x86_64-fedora-clang, r-devel-linux-x86_64-fedora-gcc, r-patched-solaris-x86, r-release-osx-x86_64, r-oldrel-osx-x86_64