CRAN Package Check Results for Package geoparser

Last updated on 2018-01-17 09:53:27 CET.

Flavor Version Tinstall Tcheck Ttotal Status Flags
r-devel-linux-x86_64-debian-clang 0.1.1 1.62 32.83 34.45 OK
r-devel-linux-x86_64-debian-gcc 0.1.1 1.38 25.44 26.82 OK
r-devel-linux-x86_64-fedora-clang 0.1.1 39.72 WARN
r-devel-linux-x86_64-fedora-gcc 0.1.1 37.49 WARN
r-devel-windows-ix86+x86_64 0.1.1 8.00 51.00 59.00 OK
r-patched-linux-x86_64 0.1.1 2.00 31.84 33.84 OK
r-patched-solaris-x86 0.1.1 62.80 OK
r-release-linux-x86_64 0.1.1 1.92 31.50 33.42 OK
r-release-windows-ix86+x86_64 0.1.1 5.00 45.00 50.00 OK
r-release-osx-x86_64 0.1.1 OK
r-oldrel-windows-ix86+x86_64 0.1.1 6.00 43.00 49.00 OK
r-oldrel-osx-x86_64 0.1.1 OK

Check Details

Version: 0.1.1
Check: re-building of vignette outputs
Result: WARN
    Error in re-building vignettes:
     ...
    pandoc: Could not fetch http://www.ropensci.org/public_images/github_footer.png
    HttpExceptionRequest Request {
     host = "www.ropensci.org"
     port = 80
     secure = False
     requestHeaders = []
     path = "/public_images/github_footer.png"
     queryString = ""
     method = "GET"
     proxy = Nothing
     rawBody = False
     redirectCount = 10
     responseTimeout = ResponseTimeoutDefault
     requestVersion = HTTP/1.1
    }
     (InternalException (HandshakeFailed Error_EOF))
    Error: processing vignette 'geoparser.Rmd' failed with diagnostics:
    pandoc document conversion failed with error 67
    Execution halted
Flavors: r-devel-linux-x86_64-fedora-clang, r-devel-linux-x86_64-fedora-gcc