CRAN Package Check Results for Package equateMultiple

Last updated on 2018-09-22 11:48:06 CEST.

Flavor Version Tinstall Tcheck Ttotal Status Flags
r-devel-linux-x86_64-debian-clang 0.0.0 35.51 133.76 169.27 NOTE
r-devel-linux-x86_64-debian-gcc 0.0.0 32.49 106.22 138.71 NOTE
r-devel-linux-x86_64-fedora-clang 0.0.0 215.26 NOTE
r-devel-linux-x86_64-fedora-gcc 0.0.0 203.47 NOTE
r-devel-windows-ix86+x86_64 0.0.0 94.00 202.00 296.00 OK
r-patched-linux-x86_64 0.0.0 35.91 118.69 154.60 OK
r-patched-solaris-x86 0.0.0 341.20 OK
r-release-linux-x86_64 0.0.0 36.26 120.01 156.27 OK
r-release-windows-ix86+x86_64 0.0.0 58.00 256.00 314.00 OK
r-release-osx-x86_64 0.0.0 OK
r-oldrel-windows-ix86+x86_64 0.0.0 62.00 293.00 355.00 OK
r-oldrel-osx-x86_64 0.0.0 OK

Check Details

Version: 0.0.0
Check: use of SHLIB_OPENMP_*FLAGS in Makefiles
Result: NOTE
     src/Makevars: SHLIB_OPENMP_CXXFLAGS is included in PKG_CXXFLAGS but not in PKG_LIBS
     src/Makevars: SHLIB_OPENMP_CFLAGS is included in PKG_LIBS but not in PKG_CFLAGS
     src/Makevars.win: SHLIB_OPENMP_CXXFLAGS is included in PKG_CXXFLAGS but not in PKG_LIBS
     src/Makevars.win: SHLIB_OPENMP_CFLAGS is included in PKG_LIBS but not in PKG_CFLAGS
    Use of these macros is discussed in sect 1.2.1.1 of ‘Writing R
    Extensions’. The macros for different languages may differ so the
    matching macro must be used in PKG_CXXFLAGS (etc) and match that used
    in PKG_LIBS (except for F77: see the manual).
Flavors: r-devel-linux-x86_64-debian-clang, r-devel-linux-x86_64-debian-gcc, r-devel-linux-x86_64-fedora-clang, r-devel-linux-x86_64-fedora-gcc