CRAN Package Check Results for Package equateMultiple

Last updated on 2018-12-16 15:46:56 CET.

Flavor Version Tinstall Tcheck Ttotal Status Flags
r-devel-linux-x86_64-debian-clang 0.0.0 33.31 121.40 154.71 NOTE
r-devel-linux-x86_64-debian-gcc 0.0.0 31.69 95.96 127.65 NOTE
r-devel-linux-x86_64-fedora-clang 0.0.0 197.35 NOTE
r-devel-linux-x86_64-fedora-gcc 0.0.0 189.62 NOTE
r-devel-windows-ix86+x86_64 0.0.0 87.00 219.00 306.00 OK
r-patched-linux-x86_64 0.0.0 37.42 119.36 156.78 OK
r-patched-solaris-x86 0.0.0 337.20 OK
r-release-linux-x86_64 0.0.0 36.12 119.92 156.04 OK
r-release-windows-ix86+x86_64 0.0.0 89.00 246.00 335.00 OK
r-release-osx-x86_64 0.0.0 OK
r-oldrel-windows-ix86+x86_64 0.0.0 81.00 292.00 373.00 OK
r-oldrel-osx-x86_64 0.0.0 OK

Check Details

Version: 0.0.0
Check: use of SHLIB_OPENMP_*FLAGS in Makefiles
Result: NOTE
     src/Makevars: SHLIB_OPENMP_CXXFLAGS is included in PKG_CXXFLAGS but not in PKG_LIBS
     src/Makevars: SHLIB_OPENMP_CFLAGS is included in PKG_LIBS but linking is by C++
     src/Makevars.win: SHLIB_OPENMP_CXXFLAGS is included in PKG_CXXFLAGS but not in PKG_LIBS
     src/Makevars.win: SHLIB_OPENMP_CFLAGS is included in PKG_LIBS but linking is by C++
    Use of these macros is discussed in sect 1.2.1.1 of ‘Writing R
    Extensions’. The macros for different languages may differ so the
    matching macro must be used in PKG_CXXFLAGS (etc) and match that used
    in PKG_LIBS (except for Fortran: see the manual).
Flavors: r-devel-linux-x86_64-debian-clang, r-devel-linux-x86_64-debian-gcc, r-devel-linux-x86_64-fedora-clang, r-devel-linux-x86_64-fedora-gcc