CRAN Package Check Results for Package crch

Last updated on 2018-01-17 09:53:21 CET.

Flavor Version Tinstall Tcheck Ttotal Status Flags
r-devel-linux-x86_64-debian-clang 1.0-0 3.28 65.00 68.28 NOTE
r-devel-linux-x86_64-debian-gcc 1.0-0 2.70 48.88 51.58 NOTE
r-devel-linux-x86_64-fedora-clang 1.0-0 81.51 NOTE
r-devel-linux-x86_64-fedora-gcc 1.0-0 81.64 NOTE
r-devel-windows-ix86+x86_64 1.0-0 17.00 90.00 107.00 OK
r-patched-linux-x86_64 1.0-0 3.51 62.32 65.83 NOTE
r-patched-solaris-x86 1.0-0 106.00 OK
r-release-linux-x86_64 1.0-0 3.62 61.08 64.70 NOTE
r-release-windows-ix86+x86_64 1.0-0 13.00 89.00 102.00 OK
r-release-osx-x86_64 1.0-0 OK
r-oldrel-windows-ix86+x86_64 1.0-0 17.00 85.00 102.00 OK
r-oldrel-osx-x86_64 1.0-0 NOTE

Check Details

Version: 1.0-0
Check: compiled code
Result: NOTE
    File ‘crch/libs/crch.so’:
     Found no calls to: ‘R_registerRoutines’, ‘R_useDynamicSymbols’
    
    It is good practice to register native routines and to disable symbol
    search.
    
    See ‘Writing portable packages’ in the ‘Writing R Extensions’ manual.
Flavors: r-devel-linux-x86_64-debian-clang, r-devel-linux-x86_64-debian-gcc, r-devel-linux-x86_64-fedora-clang, r-devel-linux-x86_64-fedora-gcc, r-patched-linux-x86_64, r-release-linux-x86_64

Version: 1.0-0
Check: re-building of vignette outputs
Result: NOTE
    Error in re-building vignettes:
     ...
     input string 416 is invalid in this locale
    Warning in grepl("(Rerun to get|biblatex.*\\(re\\)run)", readLines(log, :
     input string 422 is invalid in this locale
    Error in texi2dvi(file = file, pdf = TRUE, clean = clean, quiet = quiet, :
     Running 'texi2dvi' on 'crch.tex' failed.
    LaTeX errors:
    ! Undefined control sequence.
    l.15 ...<cc><db><c0>H<bb>^^^<b7><d8>]<f1>^^\^^Y;-E<f9>)c<c9>O<8a><94><8b>9p<ca>^^A<e5><c2>-g<94>\<f3>
     ^^W<e4><9a>?a9gOsC9^^RiFV^^T<81>4bl...
    The control sequence at the end of the top line
    of your error message was never \def'ed. If you have
    ! LaTeX Error: Missing \begin{document}.
    
    See the LaTeX manual or LaTeX Companion for explanation.
    Type H <return> for immediate help.
     ...
    ! Extra }, or forgotten \endgroup.
    l.15 ...^X-&<e2><8d>3&<e2><8d>3&<e2><8d>3&<e2><8d>3&<e2><8d>3&<e2><fd>^^]J)<a5>^^T.N?<d5>Z<f3>}
     <a5><94><d6><fa><ac><96><a7><db><f3><f5><fa><fa><fa><e9>.<b8><93>l?^^L<fe>5|<d3>...
    I've deleted a group-closing symbol because it seems to be
    spurious, as in `$x}$'. But perhaps the } is legitimate and
    ! Extra }, or forgotten \endgroup.
    l.15 .
    Calls: buildVignettes -> texi2pdf -> texi2dvi
    Execution halted
Flavor: r-oldrel-osx-x86_64