CRAN Package Check Results for Package brainR

Last updated on 2018-10-22 11:48:06 CEST.

Flavor Version Tinstall Tcheck Ttotal Status Flags
r-devel-linux-x86_64-debian-clang 1.5.1 5.14 49.93 55.07 OK
r-devel-linux-x86_64-debian-gcc 1.5.1 4.15 39.97 44.12 OK
r-devel-linux-x86_64-fedora-clang 1.5.1 61.27 OK
r-devel-linux-x86_64-fedora-gcc 1.5.1 60.50 OK
r-devel-windows-ix86+x86_64 1.5.1 15.00 88.00 103.00 OK
r-patched-linux-x86_64 1.5.1 3.79 42.73 46.52 OK
r-patched-solaris-x86 1.5.1 79.90 OK
r-release-linux-x86_64 1.5.1 0.61 1.72 2.33 ERROR
r-release-windows-ix86+x86_64 1.5.1 12.00 76.00 88.00 OK
r-release-osx-x86_64 1.5.1 OK
r-oldrel-windows-ix86+x86_64 1.5.1 9.00 91.00 100.00 OK
r-oldrel-osx-x86_64 1.5.1 OK

Check Details

Version: 1.5.1
Check: package dependencies
Result: ERROR
    Package required but not available: ‘rgl’
    
    See section ‘The DESCRIPTION file’ in the ‘Writing R Extensions’
    manual.
Flavor: r-release-linux-x86_64