CRAN Package Check Results for Package SDMPlay

Last updated on 2018-06-24 00:46:49 CEST.

Flavor Version Tinstall Tcheck Ttotal Status Flags
r-devel-linux-x86_64-debian-clang 1.2 3.05 100.13 103.18 OK
r-devel-linux-x86_64-debian-gcc 1.2 2.53 68.95 71.48 OK
r-devel-linux-x86_64-fedora-clang 1.2 126.80 NOTE
r-devel-linux-x86_64-fedora-gcc 1.2 104.54 NOTE
r-devel-windows-ix86+x86_64 1.2 6.00 91.00 97.00 OK
r-patched-linux-x86_64 1.2 3.11 80.49 83.60 OK
r-patched-solaris-x86 1.2 163.50 NOTE
r-release-linux-x86_64 1.2 3.06 85.00 88.06 OK
r-release-windows-ix86+x86_64 1.2 8.00 112.00 120.00 OK
r-release-osx-x86_64 1.2 NOTE
r-oldrel-windows-ix86+x86_64 1.2 8.00 90.00 98.00 OK
r-oldrel-osx-x86_64 1.2 NOTE

Check Details

Version: 1.2
Check: dependencies in R code
Result: NOTE
    Namespace in Imports field not imported from: ‘gbm’
     All declared Imports should be used.
Flavors: r-devel-linux-x86_64-fedora-clang, r-devel-linux-x86_64-fedora-gcc, r-patched-solaris-x86, r-release-osx-x86_64, r-oldrel-osx-x86_64

Version: 1.2
Check: installed package size
Result: NOTE
     installed size is 5.3Mb
     sub-directories of 1Mb or more:
     data 1.5Mb
     vignette_data 2.1Mb
Flavor: r-patched-solaris-x86