CRAN Package Check Results for Package SDMPlay

Last updated on 2018-01-17 09:53:52 CET.

Flavor Version Tinstall Tcheck Ttotal Status Flags
r-devel-linux-x86_64-debian-clang 1.2 2.34 97.76 100.10 OK
r-devel-linux-x86_64-debian-gcc 1.2 2.22 66.32 68.54 OK
r-devel-linux-x86_64-fedora-clang 1.2 108.41 NOTE
r-devel-linux-x86_64-fedora-gcc 1.2 106.22 NOTE
r-devel-windows-ix86+x86_64 1.2 7.00 105.00 112.00 OK
r-patched-linux-x86_64 1.2 2.85 88.80 91.65 OK
r-patched-solaris-x86 1.2 160.70 NOTE
r-release-linux-x86_64 1.2 2.72 87.07 89.79 OK
r-release-windows-ix86+x86_64 1.2 6.00 105.00 111.00 OK
r-release-osx-x86_64 1.2 NOTE
r-oldrel-windows-ix86+x86_64 1.2 9.00 110.00 119.00 OK
r-oldrel-osx-x86_64 1.2 NOTE

Check Details

Version: 1.2
Check: dependencies in R code
Result: NOTE
    Namespace in Imports field not imported from: ‘gbm’
     All declared Imports should be used.
Flavors: r-devel-linux-x86_64-fedora-clang, r-devel-linux-x86_64-fedora-gcc, r-patched-solaris-x86, r-release-osx-x86_64, r-oldrel-osx-x86_64

Version: 1.2
Check: installed package size
Result: NOTE
     installed size is 5.2Mb
     sub-directories of 1Mb or more:
     data 1.5Mb
     vignette_data 2.1Mb
Flavor: r-patched-solaris-x86