CRAN Package Check Results for Package SDMPlay

Last updated on 2018-12-16 15:47:15 CET.

Flavor Version Tinstall Tcheck Ttotal Status Flags
r-devel-linux-x86_64-debian-clang 1.2 2.20 90.27 92.47 OK
r-devel-linux-x86_64-debian-gcc 1.2 2.25 66.61 68.86 OK
r-devel-linux-x86_64-fedora-clang 1.2 115.60 NOTE
r-devel-linux-x86_64-fedora-gcc 1.2 101.18 NOTE
r-devel-windows-ix86+x86_64 1.2 9.00 125.00 134.00 OK
r-patched-linux-x86_64 1.2 2.71 90.47 93.18 OK
r-patched-solaris-x86 1.2 170.20 NOTE
r-release-linux-x86_64 1.2 2.62 83.87 86.49 OK
r-release-windows-ix86+x86_64 1.2 8.00 133.00 141.00 OK
r-release-osx-x86_64 1.2 NOTE
r-oldrel-windows-ix86+x86_64 1.2 7.00 139.00 146.00 OK
r-oldrel-osx-x86_64 1.2 NOTE

Check Details

Version: 1.2
Check: dependencies in R code
Result: NOTE
    Namespace in Imports field not imported from: ‘gbm’
     All declared Imports should be used.
Flavors: r-devel-linux-x86_64-fedora-clang, r-devel-linux-x86_64-fedora-gcc, r-patched-solaris-x86, r-release-osx-x86_64, r-oldrel-osx-x86_64

Version: 1.2
Check: installed package size
Result: NOTE
     installed size is 5.3Mb
     sub-directories of 1Mb or more:
     data 1.5Mb
     vignette_data 2.1Mb
Flavor: r-patched-solaris-x86