CRAN Package Check Results for Package SDMPlay

Last updated on 2018-09-20 17:50:23 CEST.

Flavor Version Tinstall Tcheck Ttotal Status Flags
r-devel-linux-x86_64-debian-clang 1.2 2.36 93.96 96.32 OK
r-devel-linux-x86_64-debian-gcc 1.2 2.55 67.73 70.28 OK
r-devel-linux-x86_64-fedora-clang 1.2 117.93 NOTE
r-devel-linux-x86_64-fedora-gcc 1.2 102.57 NOTE
r-devel-windows-ix86+x86_64 1.2 8.00 135.00 143.00 OK
r-patched-linux-x86_64 1.2 3.02 86.44 89.46 OK
r-patched-solaris-x86 1.2 162.40 NOTE
r-release-linux-x86_64 1.2 3.09 82.98 86.07 OK
r-release-windows-ix86+x86_64 1.2 7.00 126.00 133.00 OK
r-release-osx-x86_64 1.2 NOTE
r-oldrel-windows-ix86+x86_64 1.2 6.00 102.00 108.00 OK
r-oldrel-osx-x86_64 1.2 NOTE

Check Details

Version: 1.2
Check: dependencies in R code
Result: NOTE
    Namespace in Imports field not imported from: ‘gbm’
     All declared Imports should be used.
Flavors: r-devel-linux-x86_64-fedora-clang, r-devel-linux-x86_64-fedora-gcc, r-patched-solaris-x86, r-release-osx-x86_64, r-oldrel-osx-x86_64

Version: 1.2
Check: installed package size
Result: NOTE
     installed size is 5.3Mb
     sub-directories of 1Mb or more:
     data 1.5Mb
     vignette_data 2.1Mb
Flavor: r-patched-solaris-x86