CRAN Package Check Results for Package MUS

Last updated on 2018-09-22 11:48:16 CEST.

Flavor Version Tinstall Tcheck Ttotal Status Flags
r-devel-linux-x86_64-debian-clang 0.1.5 2.87 28.66 31.53 OK
r-devel-linux-x86_64-debian-gcc 0.1.5 2.28 22.85 25.13 OK
r-devel-linux-x86_64-fedora-clang 0.1.5 37.15 OK
r-devel-linux-x86_64-fedora-gcc 0.1.5 35.34 OK
r-devel-windows-ix86+x86_64 0.1.5 7.00 56.00 63.00 OK
r-patched-linux-x86_64 0.1.5 2.43 25.94 28.37 NOTE
r-patched-solaris-x86 0.1.5 50.90 OK
r-release-linux-x86_64 0.1.5 2.75 26.14 28.89 NOTE
r-release-windows-ix86+x86_64 0.1.5 4.00 47.00 51.00 OK
r-release-osx-x86_64 0.1.5 OK
r-oldrel-windows-ix86+x86_64 0.1.5 3.00 48.00 51.00 OK
r-oldrel-osx-x86_64 0.1.5 OK

Check Details

Version: 0.1.5
Check: DESCRIPTION meta-information
Result: NOTE
    Dependence on R version ‘3.3.2’ not with patchlevel 0
Flavors: r-patched-linux-x86_64, r-release-linux-x86_64