CRAN Package Check Results for Package MUS

Last updated on 2018-12-16 15:47:05 CET.

Flavor Version Tinstall Tcheck Ttotal Status Flags
r-devel-linux-x86_64-debian-clang 0.1.5 2.66 27.59 30.25 OK
r-devel-linux-x86_64-debian-gcc 0.1.5 2.10 22.16 24.26 OK
r-devel-linux-x86_64-fedora-clang 0.1.5 35.27 OK
r-devel-linux-x86_64-fedora-gcc 0.1.5 33.79 OK
r-devel-windows-ix86+x86_64 0.1.5 7.00 47.00 54.00 OK
r-patched-linux-x86_64 0.1.5 2.23 25.74 27.97 NOTE
r-patched-solaris-x86 0.1.5 51.00 OK
r-release-linux-x86_64 0.1.5 2.65 26.29 28.94 NOTE
r-release-windows-ix86+x86_64 0.1.5 4.00 47.00 51.00 OK
r-release-osx-x86_64 0.1.5 OK
r-oldrel-windows-ix86+x86_64 0.1.5 5.00 50.00 55.00 OK
r-oldrel-osx-x86_64 0.1.5 OK

Check Details

Version: 0.1.5
Check: DESCRIPTION meta-information
Result: NOTE
    Dependence on R version ‘3.3.2’ not with patchlevel 0
Flavors: r-patched-linux-x86_64, r-release-linux-x86_64