CRAN Package Check Results for Package MUS

Last updated on 2018-07-18 05:48:49 CEST.

Flavor Version Tinstall Tcheck Ttotal Status Flags
r-devel-linux-x86_64-debian-clang 0.1.5 3.04 28.40 31.44 OK
r-devel-linux-x86_64-debian-gcc 0.1.5 2.07 22.32 24.39 OK
r-devel-linux-x86_64-fedora-clang 0.1.5 34.64 OK
r-devel-linux-x86_64-fedora-gcc 0.1.5 35.71 OK
r-devel-windows-ix86+x86_64 0.1.5 7.00 52.00 59.00 OK
r-patched-linux-x86_64 0.1.5 2.10 26.22 28.32 NOTE
r-patched-solaris-x86 0.1.5 52.30 OK
r-release-linux-x86_64 0.1.5 2.31 26.27 28.58 NOTE
r-release-windows-ix86+x86_64 0.1.5 7.00 50.00 57.00 OK
r-release-osx-x86_64 0.1.5 OK
r-oldrel-windows-ix86+x86_64 0.1.5 6.00 37.00 43.00 OK
r-oldrel-osx-x86_64 0.1.5 OK

Check Details

Version: 0.1.5
Check: DESCRIPTION meta-information
Result: NOTE
    Dependence on R version ‘3.3.2’ not with patchlevel 0
Flavors: r-patched-linux-x86_64, r-release-linux-x86_64