CRAN Package Check Results for Package MUS

Last updated on 2018-04-25 17:49:23 CEST.

Flavor Version Tinstall Tcheck Ttotal Status Flags
r-devel-linux-x86_64-debian-clang 0.1.5 1.96 25.92 27.88 OK
r-devel-linux-x86_64-debian-gcc 0.1.5 2.03 20.54 22.57 OK
r-devel-linux-x86_64-fedora-clang 0.1.5 35.66 OK
r-devel-linux-x86_64-fedora-gcc 0.1.5 35.14 OK
r-devel-windows-ix86+x86_64 0.1.5 7.00 33.00 40.00 OK
r-patched-linux-x86_64 0.1.5 2.32 25.80 28.12 NOTE
r-patched-solaris-x86 0.1.5 51.00 OK
r-release-linux-x86_64 0.1.5 2.19 25.86 28.05 NOTE
r-release-windows-ix86+x86_64 0.1.5 7.00 33.00 40.00 OK
r-release-osx-x86_64 0.1.5 OK
r-oldrel-windows-ix86+x86_64 0.1.5 4.00 41.00 45.00 OK
r-oldrel-osx-x86_64 0.1.5 OK

Check Details

Version: 0.1.5
Check: DESCRIPTION meta-information
Result: NOTE
    Dependence on R version ‘3.3.2’ not with patchlevel 0
Flavors: r-patched-linux-x86_64, r-release-linux-x86_64