CRAN Package Check Results for Package LSDsensitivity

Last updated on 2018-10-22 11:48:25 CEST.

Flavor Version Tinstall Tcheck Ttotal Status Flags
r-devel-linux-x86_64-debian-clang 0.3.0 3.56 29.27 32.83 OK
r-devel-linux-x86_64-debian-gcc 0.3.0 2.40 23.63 26.03 OK
r-devel-linux-x86_64-fedora-clang 0.3.0 37.71 OK
r-devel-linux-x86_64-fedora-gcc 0.3.0 36.38 OK
r-devel-windows-ix86+x86_64 0.3.0 8.00 54.00 62.00 OK
r-patched-linux-x86_64 0.3.0 2.43 26.99 29.42 OK
r-patched-solaris-x86 0.3.0 49.60 OK
r-release-linux-x86_64 0.3.0 2.41 27.29 29.70 NOTE
r-release-windows-ix86+x86_64 0.3.0 7.00 48.00 55.00 OK
r-release-osx-x86_64 0.3.0 OK
r-oldrel-windows-ix86+x86_64 0.3.0 3.00 56.00 59.00 OK
r-oldrel-osx-x86_64 0.3.0 OK

Check Details

Version: 0.3.0
Check: package dependencies
Result: NOTE
    Package suggested but not available for checking: ‘rgl’
Flavor: r-release-linux-x86_64