CRAN Package Check Results for Package InformativeCensoring

Last updated on 2018-04-25 17:49:03 CEST.

Flavor Version Tinstall Tcheck Ttotal Status Flags
r-devel-linux-x86_64-debian-clang 0.3.4 5.75 636.52 642.27 OK
r-devel-linux-x86_64-debian-gcc 0.3.4 4.08 465.86 469.94 OK
r-devel-linux-x86_64-fedora-clang 0.3.4 712.39 OK
r-devel-linux-x86_64-fedora-gcc 0.3.4 691.41 OK
r-devel-windows-ix86+x86_64 0.3.4 13.00 265.00 278.00 OK --no-vignettes
r-patched-linux-x86_64 0.3.4 4.52 604.26 608.78 OK
r-patched-solaris-x86 0.3.4 828.50 OK
r-release-linux-x86_64 0.3.4 5.91 584.49 590.40 OK
r-release-windows-ix86+x86_64 0.3.4 13.00 265.00 278.00 OK --no-vignettes
r-release-osx-x86_64 0.3.4 OK
r-oldrel-windows-ix86+x86_64 0.3.4 9.00 361.00 370.00 OK --no-vignettes
r-oldrel-osx-x86_64 0.3.4 WARN

Check Details

Version: 0.3.4
Check: re-building of vignette outputs
Result: WARN
    Error in re-building vignettes:
     ...
     unable to find LaTeX package 'framed'; will use a copy from knitr
    Loading required package: survival
    
    Attaching package: 'InformativeCensoring'
    
    The following object is masked from 'package:survival':
    
     cox.zph
    
    Error in texi2dvi(file = file, pdf = TRUE, clean = clean, quiet = quiet, :
     Running 'texi2dvi' on 'gamma_imputation_Jackson_2014.tex' failed.
    LaTeX errors:
    ! LaTeX Error: File `authblk.sty' not found.
    
    Type X to quit or <RETURN> to proceed,
    or enter new name. (Default extension: sty)
    
    ! Emergency stop.
    <read *>
    
    l.57 \usepackage
     {amsmath}^^M
    ! ==> Fatal error occurred, no output PDF file produced!
    Calls: buildVignettes -> texi2pdf -> texi2dvi
    Execution halted
Flavor: r-oldrel-osx-x86_64