CRAN Package Check Results for Package InformativeCensoring

Last updated on 2018-01-20 03:49:32 CET.

Flavor Version Tinstall Tcheck Ttotal Status Flags
r-devel-linux-x86_64-debian-clang 0.3.4 4.30 639.96 644.26 OK
r-devel-linux-x86_64-debian-gcc 0.3.4 3.60 467.95 471.55 OK
r-devel-linux-x86_64-fedora-clang 0.3.4 701.92 OK
r-devel-linux-x86_64-fedora-gcc 0.3.4 711.10 OK
r-devel-windows-ix86+x86_64 0.3.4 10.00 375.00 385.00 OK --no-vignettes
r-patched-linux-x86_64 0.3.4 5.21 657.47 662.68 OK
r-patched-solaris-x86 0.3.4 808.90 OK
r-release-linux-x86_64 0.3.4 4.40 649.68 654.08 OK
r-release-windows-ix86+x86_64 0.3.4 16.00 393.00 409.00 OK --no-vignettes
r-release-osx-x86_64 0.3.4 WARN
r-oldrel-windows-ix86+x86_64 0.3.4 13.00 356.00 369.00 OK --no-vignettes
r-oldrel-osx-x86_64 0.3.4 OK

Check Details

Version: 0.3.4
Check: re-building of vignette outputs
Result: WARN
    Error in re-building vignettes:
     ...
     unable to find LaTeX package 'framed'; will use a copy from knitr
    Loading required package: survival
    
    Attaching package: 'InformativeCensoring'
    
    The following object is masked from 'package:survival':
    
     cox.zph
    
    Error in texi2dvi(file = file, pdf = TRUE, clean = clean, quiet = quiet, :
     Running 'texi2dvi' on 'gamma_imputation_Jackson_2014.tex' failed.
    LaTeX errors:
    ! LaTeX Error: File `authblk.sty' not found.
    
    Type X to quit or <RETURN> to proceed,
    or enter new name. (Default extension: sty)
    
    ! Emergency stop.
    <read *>
    
    l.57 \usepackage
     {amsmath}^^M
    ! ==> Fatal error occurred, no output PDF file produced!
    Calls: buildVignettes -> texi2pdf -> texi2dvi
    Execution halted
Flavor: r-release-osx-x86_64