CRAN Package Check Results for Package InformativeCensoring

Last updated on 2018-07-18 05:48:45 CEST.

Flavor Version Tinstall Tcheck Ttotal Status Flags
r-devel-linux-x86_64-debian-clang 0.3.4 7.39 589.86 597.25 OK
r-devel-linux-x86_64-debian-gcc 0.3.4 5.23 461.50 466.73 OK
r-devel-linux-x86_64-fedora-clang 0.3.4 704.06 OK
r-devel-linux-x86_64-fedora-gcc 0.3.4 758.37 OK
r-devel-windows-ix86+x86_64 0.3.4 18.00 371.00 389.00 OK --no-vignettes
r-patched-linux-x86_64 0.3.4 4.80 589.97 594.77 OK
r-patched-solaris-x86 0.3.4 830.00 OK
r-release-linux-x86_64 0.3.4 4.86 589.28 594.14 OK
r-release-windows-ix86+x86_64 0.3.4 14.00 366.00 380.00 OK --no-vignettes
r-release-osx-x86_64 0.3.4 OK
r-oldrel-windows-ix86+x86_64 0.3.4 13.00 278.00 291.00 OK --no-vignettes
r-oldrel-osx-x86_64 0.3.4 WARN

Check Details

Version: 0.3.4
Check: re-building of vignette outputs
Result: WARN
    Error in re-building vignettes:
     ...
     unable to find LaTeX package 'framed'; will use a copy from knitr
    Loading required package: survival
    
    Attaching package: 'InformativeCensoring'
    
    The following object is masked from 'package:survival':
    
     cox.zph
    
    Error in texi2dvi(file = file, pdf = TRUE, clean = clean, quiet = quiet, :
     Running 'texi2dvi' on 'gamma_imputation_Jackson_2014.tex' failed.
    LaTeX errors:
    ! LaTeX Error: File `authblk.sty' not found.
    
    Type X to quit or <RETURN> to proceed,
    or enter new name. (Default extension: sty)
    
    ! Emergency stop.
    <read *>
    
    l.57 \usepackage
     {amsmath}^^M
    ! ==> Fatal error occurred, no output PDF file produced!
    Calls: buildVignettes -> texi2pdf -> texi2dvi
    Execution halted
Flavor: r-oldrel-osx-x86_64