CRAN Package Check Results for Package GSCAD

Last updated on 2018-01-16 09:49:38 CET.

Flavor Version Tinstall Tcheck Ttotal Status Flags
r-devel-linux-x86_64-debian-clang 0.1.0 32.87 63.39 96.26 OK
r-devel-linux-x86_64-debian-gcc 0.1.0 29.52 52.49 82.01 OK
r-devel-linux-x86_64-fedora-clang 0.1.0 136.33 OK
r-devel-linux-x86_64-fedora-gcc 0.1.0 136.73 OK
r-devel-windows-ix86+x86_64 0.1.0 72.00 102.00 174.00 OK
r-patched-linux-x86_64 0.1.0 34.70 74.83 109.53 OK
r-patched-solaris-x86 0.1.0 29.90 ERROR
r-release-linux-x86_64 0.1.0 37.23 73.23 110.46 OK
r-release-windows-ix86+x86_64 0.1.0 98.00 156.00 254.00 OK
r-release-osx-x86_64 0.1.0 OK
r-oldrel-windows-ix86+x86_64 0.1.0 95.00 108.00 203.00 OK
r-oldrel-osx-x86_64 0.1.0 OK

Check Details

Version: 0.1.0
Check: whether package can be installed
Result: ERROR
    Installation failed.
Flavor: r-patched-solaris-x86