CRAN Package Check Results for Package GSCAD

Last updated on 2018-06-24 00:46:31 CEST.

Flavor Version Tinstall Tcheck Ttotal Status Flags
r-devel-linux-x86_64-debian-clang 0.1.0 45.80 89.31 135.11 OK
r-devel-linux-x86_64-debian-gcc 0.1.0 33.69 71.25 104.94 OK
r-devel-linux-x86_64-fedora-clang 0.1.0 164.67 OK
r-devel-linux-x86_64-fedora-gcc 0.1.0 151.87 OK
r-devel-windows-ix86+x86_64 0.1.0 108.00 131.00 239.00 OK
r-patched-linux-x86_64 0.1.0 42.48 73.43 115.91 OK
r-patched-solaris-x86 0.1.0 27.00 ERROR
r-release-linux-x86_64 0.1.0 41.50 73.33 114.83 OK
r-release-windows-ix86+x86_64 0.1.0 104.00 149.00 253.00 OK
r-release-osx-x86_64 0.1.0 OK
r-oldrel-windows-ix86+x86_64 0.1.0 107.00 108.00 215.00 OK
r-oldrel-osx-x86_64 0.1.0 OK

Check Details

Version: 0.1.0
Check: whether package can be installed
Result: ERROR
    Installation failed.
Flavor: r-patched-solaris-x86