CRAN Package Check Results for Package FLightR

Last updated on 2018-11-18 15:47:27 CET.

Flavor Version Tinstall Tcheck Ttotal Status Flags
r-devel-linux-x86_64-debian-clang 0.4.7 7.78 45.51 53.29 NOTE --no-examples --no-tests
r-devel-linux-x86_64-debian-gcc 0.4.7 6.85 35.81 42.66 NOTE --no-examples --no-tests
r-devel-linux-x86_64-fedora-clang 0.4.7 204.62 NOTE
r-devel-linux-x86_64-fedora-gcc 0.4.7 197.14 NOTE
r-devel-windows-ix86+x86_64 0.4.7 14.00 243.00 257.00 NOTE
r-patched-linux-x86_64 0.4.7 7.96 42.85 50.81 NOTE --no-examples --no-tests
r-patched-solaris-x86 0.4.7 82.60 NOTE --no-examples --no-tests
r-release-linux-x86_64 0.4.7 7.31 43.72 51.03 NOTE --no-examples --no-tests
r-release-windows-ix86+x86_64 0.4.7 16.00 248.00 264.00 NOTE
r-release-osx-x86_64 0.4.7 NOTE
r-oldrel-windows-ix86+x86_64 0.4.7 9.00 182.00 191.00 NOTE
r-oldrel-osx-x86_64 0.4.7 NOTE

Check Details

Version: 0.4.7
Flags: --no-examples --no-tests
Check: dependencies in R code
Result: NOTE
    Missing or unexported object: ‘ggmap::has_goog_key’
Flavors: r-devel-linux-x86_64-debian-clang, r-devel-linux-x86_64-debian-gcc, r-patched-linux-x86_64, r-release-linux-x86_64

Version: 0.4.7
Check: dependencies in R code
Result: NOTE
    Namespace in Imports field not imported from: ‘rgdal’
     All declared Imports should be used.
    Missing or unexported object: ‘ggmap::has_goog_key’
Flavors: r-devel-linux-x86_64-fedora-clang, r-devel-linux-x86_64-fedora-gcc, r-release-osx-x86_64, r-oldrel-osx-x86_64

Version: 0.4.7
Check: dependencies in R code
Result: NOTE
    Missing or unexported object: 'ggmap::has_goog_key'
Flavors: r-devel-windows-ix86+x86_64, r-release-windows-ix86+x86_64, r-oldrel-windows-ix86+x86_64

Version: 0.4.7
Flags: --no-examples --no-tests
Check: dependencies in R code
Result: NOTE
    Namespace in Imports field not imported from: ‘rgdal’
     All declared Imports should be used.
    Missing or unexported object: ‘ggmap::has_goog_key’
Flavor: r-patched-solaris-x86